CRAN Package Check Results for Package CVD

Last updated on 2024-02-25 23:02:04 CET.

Flavor Version Tinstall Tcheck Ttotal Status Flags
r-devel-linux-x86_64-debian-clang 1.0.2 6.24 37.24 43.48 NOTE
r-devel-linux-x86_64-debian-gcc 1.0.2 4.11 29.01 33.12 NOTE
r-devel-linux-x86_64-fedora-clang 1.0.2 53.20 NOTE
r-devel-linux-x86_64-fedora-gcc 1.0.2 51.49 NOTE
r-devel-windows-x86_64 1.0.2 6.00 58.00 64.00 NOTE
r-patched-linux-x86_64 1.0.2 5.27 37.23 42.50 NOTE
r-release-linux-x86_64 1.0.2 4.02 36.57 40.59 NOTE
r-release-macos-arm64 1.0.2 22.00 NOTE
r-release-macos-x86_64 1.0.2 29.00 NOTE
r-release-windows-x86_64 1.0.2 9.00 62.00 71.00 NOTE
r-oldrel-macos-arm64 1.0.2 23.00 NOTE
r-oldrel-windows-x86_64 1.0.2 25.00 62.00 87.00 OK

Check Details

Version: 1.0.2
Check: package dependencies
Result: NOTE Package which this enhances but not available for checking: ‘RGtk2’ Flavors: r-devel-linux-x86_64-debian-clang, r-devel-linux-x86_64-debian-gcc, r-devel-linux-x86_64-fedora-clang, r-devel-linux-x86_64-fedora-gcc, r-devel-windows-x86_64, r-patched-linux-x86_64, r-release-linux-x86_64, r-release-macos-arm64, r-release-macos-x86_64, r-release-windows-x86_64, r-oldrel-macos-arm64