CRAN Package Check Results for Package Cairo

Last updated on 2019-09-21 22:48:53 CEST.

Flavor Version Tinstall Tcheck Ttotal Status Flags
r-devel-linux-x86_64-debian-clang 1.5-10 8.04 20.92 28.96 WARN
r-devel-linux-x86_64-debian-gcc 1.5-10 5.16 16.94 22.10 WARN
r-devel-linux-x86_64-fedora-clang 1.5-10 39.87 WARN
r-devel-linux-x86_64-fedora-gcc 1.5-10 35.33 WARN
r-devel-windows-ix86+x86_64 1.5-10 30.00 53.00 83.00 NOTE
r-patched-linux-x86_64 1.5-10 5.86 20.98 26.84 NOTE
r-patched-solaris-x86 1.5-10 50.70 NOTE
r-release-linux-x86_64 1.5-10 6.01 21.15 27.16 NOTE
r-release-windows-ix86+x86_64 1.5-10 30.00 55.00 85.00 NOTE
r-release-osx-x86_64 1.5-10 NOTE
r-oldrel-windows-ix86+x86_64 1.5-10 34.00 120.00 154.00 NOTE
r-oldrel-osx-x86_64 1.5-10 NOTE

Additional issues

rchk

Check Details

Version: 1.5-10
Check: whether package can be installed
Result: WARN
    Found the following significant warnings:
     'config' variable 'CPP' is deprecated
Flavors: r-devel-linux-x86_64-debian-clang, r-devel-linux-x86_64-debian-gcc, r-devel-linux-x86_64-fedora-clang, r-devel-linux-x86_64-fedora-gcc

Version: 1.5-10
Check: compiled code
Result: NOTE
    File 'Cairo/libs/Cairo.so':
     Found non-API calls to R: 'R_InputHandlers', 'addInputHandler'
    
    Compiled code should not call non-API entry points in R.
    
    See 'Writing portable packages' in the 'Writing R Extensions' manual.
Flavors: r-devel-linux-x86_64-debian-clang, r-devel-linux-x86_64-debian-gcc, r-devel-linux-x86_64-fedora-clang, r-devel-linux-x86_64-fedora-gcc, r-patched-linux-x86_64, r-patched-solaris-x86, r-release-linux-x86_64, r-release-osx-x86_64, r-oldrel-osx-x86_64

Version: 1.5-10
Check: for non-standard things in the check directory
Result: NOTE
    Found the following files/directories:
     'plot.pdf' 'plot.png'
Flavors: r-devel-linux-x86_64-debian-clang, r-devel-linux-x86_64-debian-gcc, r-devel-linux-x86_64-fedora-clang, r-devel-linux-x86_64-fedora-gcc

Version: 1.5-10
Check: package dependencies
Result: NOTE
    Package which this enhances but not available for checking: 'FastRWeb'
Flavors: r-devel-windows-ix86+x86_64, r-patched-solaris-x86, r-release-windows-ix86+x86_64, r-oldrel-windows-ix86+x86_64

Version: 1.5-10
Check: whether package can be installed
Result: NOTE
    Found the following notes/warnings:
     Non-staged installation was used
Flavor: r-release-windows-ix86+x86_64