Last updated on 2024-03-28 23:01:40 CET.
Flavor | Version | Tinstall | Tcheck | Ttotal | Status | Flags |
---|---|---|---|---|---|---|
r-devel-linux-x86_64-debian-clang | 0.2.5 | 21.04 | 306.97 | 328.01 | OK | |
r-devel-linux-x86_64-debian-gcc | 0.2.5 | 16.88 | 227.55 | 244.43 | OK | |
r-devel-linux-x86_64-fedora-clang | 0.2.5 | 432.77 | OK | |||
r-devel-linux-x86_64-fedora-gcc | 0.2.5 | 414.10 | OK | |||
r-devel-windows-x86_64 | 0.2.5 | 18.00 | 230.00 | 248.00 | OK | |
r-patched-linux-x86_64 | 0.2.5 | 21.02 | 303.50 | 324.52 | OK | |
r-release-linux-x86_64 | 0.2.5 | 19.78 | 319.11 | 338.89 | OK | |
r-release-macos-arm64 | 0.2.5 | 147.00 | NOTE | |||
r-release-macos-x86_64 | 0.2.5 | 352.00 | NOTE | |||
r-release-windows-x86_64 | 0.2.5 | 23.00 | 315.00 | 338.00 | OK | |
r-oldrel-macos-arm64 | 0.2.5 | 11.00 | ERROR | |||
r-oldrel-windows-x86_64 | 0.2.5 | 24.00 | 318.00 | 342.00 | OK |
Version: 0.2.5
Check: package dependencies
Result: NOTE
Package suggested but not available for checking: ‘batchelor’
Flavors: r-release-macos-arm64, r-release-macos-x86_64
Version: 0.2.5
Check: package dependencies
Result: ERROR
Package required but not available: ‘bluster’
Package suggested but not available for checking: ‘scran’
See section ‘The DESCRIPTION file’ in the ‘Writing R Extensions’
manual.
Flavor: r-oldrel-macos-arm64