CRAN Package Check Results for Package CatEncoders

Last updated on 2019-07-19 22:48:49 CEST.

Flavor Version Tinstall Tcheck Ttotal Status Flags
r-devel-linux-x86_64-debian-clang 0.1.1 1.81 25.91 27.72 OK
r-devel-linux-x86_64-debian-gcc 0.1.1 1.81 20.70 22.51 OK
r-devel-linux-x86_64-fedora-clang 0.1.1 32.31 NOTE
r-devel-linux-x86_64-fedora-gcc 0.1.1 31.05 NOTE
r-devel-windows-ix86+x86_64 0.1.1 7.00 34.00 41.00 OK
r-patched-linux-x86_64 0.1.1 2.32 26.20 28.52 OK
r-patched-solaris-x86 0.1.1 51.70 NOTE
r-release-linux-x86_64 0.1.1 1.69 25.19 26.88 OK
r-release-windows-ix86+x86_64 0.1.1 5.00 35.00 40.00 OK
r-release-osx-x86_64 0.1.1 NOTE
r-oldrel-windows-ix86+x86_64 0.1.1 3.00 49.00 52.00 OK
r-oldrel-osx-x86_64 0.1.1 NOTE

Check Details

Version: 0.1.1
Check: dependencies in R code
Result: NOTE
    Namespace in Imports field not imported from: ‘Matrix’
     All declared Imports should be used.
Flavors: r-devel-linux-x86_64-fedora-clang, r-devel-linux-x86_64-fedora-gcc, r-patched-solaris-x86, r-release-osx-x86_64, r-oldrel-osx-x86_64