CRAN Package Check Results for Package CautiousLearning

Last updated on 2021-10-15 22:54:09 CEST.

Flavor Version Tinstall Tcheck Ttotal Status Flags
r-devel-linux-x86_64-debian-clang 1.0.1 18.81 30.73 49.54 OK
r-devel-linux-x86_64-debian-gcc 1.0.1 14.42 24.58 39.00 OK
r-devel-linux-x86_64-fedora-clang 1.0.1 82.52 NOTE
r-devel-linux-x86_64-fedora-gcc 1.0.1 67.25 OK
r-devel-windows-x86_64 1.0.1 24.00 42.00 66.00 OK
r-devel-windows-x86_64-gcc10-UCRT 1.0.1 OK
r-patched-linux-x86_64 1.0.1 18.70 31.08 49.78 OK
r-patched-solaris-x86 1.0.1 87.80 OK
r-release-linux-x86_64 1.0.1 17.89 29.31 47.20 OK
r-release-macos-arm64 1.0.1 OK
r-release-macos-x86_64 1.0.1 OK
r-release-windows-ix86+x86_64 1.0.1 56.00 71.00 127.00 OK
r-oldrel-macos-x86_64 1.0.1 OK
r-oldrel-windows-ix86+x86_64 1.0.1 57.00 74.00 131.00 OK

Check Details

Version: 1.0.1
Check: Rd cross-references
Result: NOTE
    Undeclared package ‘sitmo’ in Rd xrefs
Flavor: r-devel-linux-x86_64-fedora-clang