Last updated on 2024-04-17 22:59:47 CEST.
Flavor | Version | Tinstall | Tcheck | Ttotal | Status | Flags |
---|---|---|---|---|---|---|
r-devel-linux-x86_64-debian-clang | 3.0 | 10.32 | 72.54 | 82.86 | NOTE | |
r-devel-linux-x86_64-debian-gcc | 3.0 | 7.88 | 52.36 | 60.24 | NOTE | |
r-devel-linux-x86_64-fedora-clang | 3.0 | 104.53 | NOTE | |||
r-devel-linux-x86_64-fedora-gcc | 3.0 | 98.87 | NOTE | |||
r-prerel-macos-arm64 | 3.0 | 31.00 | NOTE | |||
r-prerel-windows-x86_64 | 3.0 | 10.00 | 102.00 | 112.00 | NOTE | |
r-patched-linux-x86_64 | 3.0 | 10.39 | 68.64 | 79.03 | NOTE | |
r-release-linux-x86_64 | 3.0 | 11.43 | 68.19 | 79.62 | OK | |
r-release-macos-arm64 | 3.0 | 33.00 | OK | |||
r-release-macos-x86_64 | 3.0 | 47.00 | OK | |||
r-release-windows-x86_64 | 3.0 | 13.00 | 76.00 | 89.00 | OK | |
r-oldrel-macos-arm64 | 3.0 | 28.00 | OK | |||
r-oldrel-windows-x86_64 | 3.0 | 14.00 | 83.00 | 97.00 | OK |
Version: 3.0
Check: Rd files
Result: NOTE
checkRd: (-1) rMMSN.contour.Rd:20: Lost braces
20 | is an object resultant from the code{\link{fit.FMMSNC}} function.
| ^
Flavors: r-devel-linux-x86_64-debian-clang, r-devel-linux-x86_64-debian-gcc, r-devel-linux-x86_64-fedora-clang, r-devel-linux-x86_64-fedora-gcc, r-prerel-macos-arm64, r-prerel-windows-x86_64, r-patched-linux-x86_64
Version: 3.0
Check: Rd contents
Result: NOTE
Auto-generated content requiring editing in Rd file 'CensMFM-package.Rd':
\details: ‘...o use the package, including the most important functions ~~’
Flavors: r-devel-linux-x86_64-debian-clang, r-devel-linux-x86_64-debian-gcc, r-devel-linux-x86_64-fedora-clang, r-devel-linux-x86_64-fedora-gcc, r-prerel-macos-arm64, r-prerel-windows-x86_64, r-patched-linux-x86_64