CRAN Package Check Results for Package Census2016

Last updated on 2024-06-13 22:49:22 CEST.

Flavor Version Tinstall Tcheck Ttotal Status Flags
r-devel-linux-x86_64-debian-clang 0.2.0 7.93 48.91 56.84 OK
r-devel-linux-x86_64-debian-gcc 0.2.0 6.89 26.07 32.96 ERROR
r-devel-linux-x86_64-fedora-clang 0.2.0 73.93 NOTE
r-devel-linux-x86_64-fedora-gcc 0.2.0 82.96 NOTE
r-devel-windows-x86_64 0.2.0 8.00 79.00 87.00 OK
r-patched-linux-x86_64 0.2.0 9.09 47.82 56.91 OK
r-release-linux-x86_64 0.2.0 8.27 46.81 55.08 OK
r-release-macos-arm64 0.2.0 34.00 OK
r-release-macos-x86_64 0.2.0 62.00 OK
r-release-windows-x86_64 0.2.0 7.00 89.00 96.00 OK
r-oldrel-macos-arm64 0.2.0 32.00 OK
r-oldrel-macos-x86_64 0.2.0 52.00 OK
r-oldrel-windows-x86_64 0.2.0 10.00 79.00 89.00 OK

Check Details

Version: 0.2.0
Check: package dependencies
Result: NOTE Packages suggested but not available for checking: 'ggplot2', 'ggrepel', 'testthat' Flavor: r-devel-linux-x86_64-debian-gcc

Version: 0.2.0
Check: tests
Result: ERROR Running ‘testthat.R’ [0s/1s] Running the tests in ‘tests/testthat.R’ failed. Complete output: > library(testthat) Error in library(testthat) : there is no package called 'testthat' Execution halted Flavor: r-devel-linux-x86_64-debian-gcc

Version: 0.2.0
Check: re-building of vignette outputs
Result: ERROR Error(s) in re-building vignettes: ... --- re-building ‘Census2016.Rmd’ using rmarkdown Quitting from lines 63-74 (Census2016.Rmd) Error: processing vignette 'Census2016.Rmd' failed with diagnostics: object '.CensusDataTables' not found --- failed re-building ‘Census2016.Rmd’ SUMMARY: processing the following file failed: ‘Census2016.Rmd’ Error: Vignette re-building failed. Execution halted Flavor: r-devel-linux-x86_64-debian-gcc

Version: 0.2.0
Check: dependencies in R code
Result: NOTE Namespace in Imports field not imported from: ‘data.table’ All declared Imports should be used. Flavors: r-devel-linux-x86_64-fedora-clang, r-devel-linux-x86_64-fedora-gcc