Last updated on 2024-04-23 22:55:18 CEST.
Flavor | Version | Tinstall | Tcheck | Ttotal | Status | Flags |
---|---|---|---|---|---|---|
r-devel-linux-x86_64-debian-clang | 0.2.0 | 8.30 | 48.74 | 57.04 | OK | |
r-devel-linux-x86_64-debian-gcc | 0.2.0 | 5.95 | 38.40 | 44.35 | OK | |
r-devel-linux-x86_64-fedora-clang | 0.2.0 | 74.45 | NOTE | |||
r-devel-linux-x86_64-fedora-gcc | 0.2.0 | 83.76 | NOTE | |||
r-prerel-macos-arm64 | 0.2.0 | 34.00 | OK | |||
r-prerel-windows-x86_64 | 0.2.0 | 7.00 | 78.00 | 85.00 | OK | |
r-patched-linux-x86_64 | 0.2.0 | 7.41 | 47.96 | 55.37 | OK | |
r-release-linux-x86_64 | 0.2.0 | 8.26 | 46.86 | 55.12 | OK | |
r-release-macos-arm64 | 0.2.0 | 32.00 | OK | |||
r-release-macos-x86_64 | 0.2.0 | 52.00 | OK | |||
r-release-windows-x86_64 | 0.2.0 | 12.00 | 76.00 | 88.00 | OK | |
r-oldrel-macos-arm64 | 0.2.0 | 29.00 | OK | |||
r-oldrel-windows-x86_64 | 0.2.0 | 12.00 | 84.00 | 96.00 | OK |
Version: 0.2.0
Check: dependencies in R code
Result: NOTE
Namespace in Imports field not imported from: ‘data.table’
All declared Imports should be used.
Flavors: r-devel-linux-x86_64-fedora-clang, r-devel-linux-x86_64-fedora-gcc