Last updated on 2023-09-21 23:03:15 CEST.
Flavor | Version | Tinstall | Tcheck | Ttotal | Status | Flags |
---|---|---|---|---|---|---|
r-devel-linux-x86_64-debian-clang | 0.2.0 | 11.35 | 47.96 | 59.31 | OK | |
r-devel-linux-x86_64-debian-gcc | 0.2.0 | 8.20 | 36.74 | 44.94 | OK | |
r-devel-linux-x86_64-fedora-clang | 0.2.0 | 70.48 | NOTE | |||
r-devel-linux-x86_64-fedora-gcc | 0.2.0 | 83.92 | NOTE | |||
r-devel-windows-x86_64 | 0.2.0 | 9.00 | 79.00 | 88.00 | OK | |
r-patched-linux-x86_64 | 0.2.0 | 9.76 | 45.29 | 55.05 | OK | |
r-release-linux-x86_64 | 0.2.0 | 10.39 | 45.52 | 55.91 | OK | |
r-release-macos-arm64 | 0.2.0 | 32.00 | OK | |||
r-release-macos-x86_64 | 0.2.0 | 52.00 | OK | |||
r-release-windows-x86_64 | 0.2.0 | 8.00 | 60.00 | 68.00 | OK | |
r-oldrel-macos-arm64 | 0.2.0 | 29.00 | OK | |||
r-oldrel-macos-x86_64 | 0.2.0 | 36.00 | NOTE | |||
r-oldrel-windows-x86_64 | 0.2.0 | 13.00 | 67.00 | 80.00 | OK |
Version: 0.2.0
Check: dependencies in R code
Result: NOTE
Namespace in Imports field not imported from: ‘data.table’
All declared Imports should be used.
Flavors: r-devel-linux-x86_64-fedora-clang, r-devel-linux-x86_64-fedora-gcc, r-oldrel-macos-x86_64