Last updated on 2023-09-23 23:00:42 CEST.
Flavor | Version | Tinstall | Tcheck | Ttotal | Status | Flags |
---|---|---|---|---|---|---|
r-devel-linux-x86_64-debian-clang | 0.2 | 45.53 | 68.96 | 114.49 | NOTE | |
r-devel-linux-x86_64-debian-gcc | 0.2 | 28.39 | 55.49 | 83.88 | NOTE | |
r-devel-linux-x86_64-fedora-clang | 0.2 | 158.86 | NOTE | |||
r-devel-linux-x86_64-fedora-gcc | 0.2 | 166.33 | NOTE | |||
r-devel-windows-x86_64 | 0.2 | 36.00 | 344.00 | 380.00 | NOTE | |
r-patched-linux-x86_64 | 0.2 | 42.88 | 66.11 | 108.99 | OK | |
r-release-linux-x86_64 | 0.2 | 44.39 | 67.05 | 111.44 | OK | |
r-release-macos-arm64 | 0.2 | 168.00 | OK | |||
r-release-macos-x86_64 | 0.2 | 231.00 | OK | |||
r-release-windows-x86_64 | 0.2 | 46.00 | 409.00 | 455.00 | OK | |
r-oldrel-macos-arm64 | 0.2 | 142.00 | NOTE | |||
r-oldrel-macos-x86_64 | 0.2 | 224.00 | NOTE | |||
r-oldrel-windows-x86_64 | 0.2 | 42.00 | 414.00 | 456.00 | OK |
Version: 0.2
Check: Rd metadata
Result: NOTE
Invalid package aliases in Rd file 'ChangePointAnalyzer-package.Rd':
‘ChangePointAnalyzer-package’
Flavors: r-devel-linux-x86_64-debian-clang, r-devel-linux-x86_64-debian-gcc, r-devel-linux-x86_64-fedora-clang, r-devel-linux-x86_64-fedora-gcc, r-devel-windows-x86_64
Version: 0.2
Check: Rd contents
Result: NOTE
Auto-generated content requiring editing in Rd object 'ChangePointAnalyzer-package':
\references: ‘This optional section can contain literature or other refere...’
\seealso: ‘Optional links to other man pages’
\examples: ‘\dontrun{ ## Optional simple examples of the most impor...’
Flavors: r-devel-linux-x86_64-debian-clang, r-devel-linux-x86_64-debian-gcc, r-devel-linux-x86_64-fedora-clang, r-devel-linux-x86_64-fedora-gcc, r-devel-windows-x86_64
Version: 0.2
Check: dependencies in R code
Result: NOTE
Namespaces in Imports field not imported from:
‘bench’ ‘ggplot2’
All declared Imports should be used.
Flavors: r-devel-linux-x86_64-fedora-clang, r-devel-linux-x86_64-fedora-gcc, r-oldrel-macos-arm64, r-oldrel-macos-x86_64