Last updated on 2024-04-17 22:59:47 CEST.
Flavor | Version | Tinstall | Tcheck | Ttotal | Status | Flags |
---|---|---|---|---|---|---|
r-devel-linux-x86_64-debian-clang | 1.3 | 6.51 | 55.61 | 62.12 | NOTE | |
r-devel-linux-x86_64-debian-gcc | 1.3 | 4.97 | 42.92 | 47.89 | NOTE | |
r-devel-linux-x86_64-fedora-clang | 1.3 | 80.22 | NOTE | |||
r-devel-linux-x86_64-fedora-gcc | 1.3 | 75.43 | NOTE | |||
r-prerel-macos-arm64 | 1.3 | 27.00 | NOTE | |||
r-prerel-windows-x86_64 | 1.3 | 7.00 | 81.00 | 88.00 | NOTE | |
r-patched-linux-x86_64 | 1.3 | 6.95 | 54.07 | 61.02 | NOTE | |
r-release-linux-x86_64 | 1.3 | 5.42 | 53.11 | 58.53 | NOTE | |
r-release-macos-arm64 | 1.3 | 29.00 | NOTE | |||
r-release-macos-x86_64 | 1.3 | 41.00 | NOTE | |||
r-release-windows-x86_64 | 1.3 | 10.00 | 66.00 | 76.00 | NOTE | |
r-oldrel-macos-arm64 | 1.3 | 26.00 | NOTE | |||
r-oldrel-windows-x86_64 | 1.3 | 10.00 | 74.00 | 84.00 | NOTE |
Version: 1.3
Check: LazyData
Result: NOTE
'LazyData' is specified without a 'data' directory
Flavors: r-devel-linux-x86_64-debian-clang, r-devel-linux-x86_64-debian-gcc, r-devel-linux-x86_64-fedora-clang, r-devel-linux-x86_64-fedora-gcc, r-prerel-macos-arm64, r-prerel-windows-x86_64, r-patched-linux-x86_64, r-release-linux-x86_64, r-release-macos-arm64, r-release-macos-x86_64, r-release-windows-x86_64, r-oldrel-macos-arm64, r-oldrel-windows-x86_64