CRAN Package Check Results for Package CircMLE

Last updated on 2024-05-25 21:56:55 CEST.

Flavor Version Tinstall Tcheck Ttotal Status Flags
r-devel-linux-x86_64-debian-clang 0.3.0 3.53 59.88 63.41 NOTE
r-devel-linux-x86_64-debian-gcc 0.3.0 3.63 43.66 47.29 NOTE
r-devel-linux-x86_64-fedora-clang 0.3.0 80.59 NOTE
r-devel-linux-x86_64-fedora-gcc 0.3.0 74.23 NOTE
r-devel-windows-x86_64 0.3.0 4.00 60.00 64.00 NOTE
r-patched-linux-x86_64 0.3.0 4.92 55.19 60.11 NOTE
r-release-linux-x86_64 0.3.0 4.17 55.49 59.66 NOTE
r-release-macos-arm64 0.3.0 23.00 NOTE
r-release-windows-x86_64 0.3.0 6.00 60.00 66.00 NOTE
r-oldrel-macos-arm64 0.3.0 24.00 NOTE
r-oldrel-macos-x86_64 0.3.0 39.00 NOTE
r-oldrel-windows-x86_64 0.3.0 7.00 72.00 79.00 NOTE

Check Details

Version: 0.3.0
Check: LazyData
Result: NOTE 'LazyData' is specified without a 'data' directory Flavors: r-devel-linux-x86_64-debian-clang, r-devel-linux-x86_64-debian-gcc, r-devel-linux-x86_64-fedora-clang, r-devel-linux-x86_64-fedora-gcc, r-devel-windows-x86_64, r-patched-linux-x86_64, r-release-linux-x86_64, r-release-macos-arm64, r-release-windows-x86_64, r-oldrel-macos-arm64, r-oldrel-macos-x86_64, r-oldrel-windows-x86_64