CRAN Package Check Results for Package CircSpaceTime

Last updated on 2024-07-20 21:56:00 CEST.

Flavor Version Tinstall Tcheck Ttotal Status Flags
r-devel-linux-x86_64-debian-clang 0.9.0 149.28 51.49 200.77 NOTE
r-devel-linux-x86_64-debian-gcc 0.9.0 94.30 38.53 132.83 NOTE
r-devel-linux-x86_64-fedora-clang 0.9.0 336.65 NOTE
r-devel-linux-x86_64-fedora-gcc 0.9.0 345.50 NOTE
r-devel-windows-x86_64 0.9.0 116.00 87.00 203.00 NOTE
r-patched-linux-x86_64 0.9.0 145.05 49.36 194.41 NOTE
r-release-linux-x86_64 0.9.0 142.58 48.83 191.41 NOTE
r-release-macos-arm64 0.9.0 59.00 NOTE
r-release-macos-x86_64 0.9.0 69.00 NOTE
r-release-windows-x86_64 0.9.0 137.00 85.00 222.00 NOTE
r-oldrel-macos-arm64 0.9.0 81.00 NOTE
r-oldrel-macos-x86_64 0.9.0 129.00 NOTE
r-oldrel-windows-x86_64 0.9.0 169.00 100.00 269.00 NOTE

Check Details

Version: 0.9.0
Check: C++ specification
Result: NOTE Specified C++11: please drop specification unless essential Flavors: r-devel-linux-x86_64-debian-clang, r-devel-linux-x86_64-debian-gcc, r-devel-linux-x86_64-fedora-clang, r-devel-linux-x86_64-fedora-gcc, r-devel-windows-x86_64, r-patched-linux-x86_64, r-release-linux-x86_64, r-release-macos-arm64, r-release-macos-x86_64, r-release-windows-x86_64, r-oldrel-macos-arm64, r-oldrel-macos-x86_64, r-oldrel-windows-x86_64

Version: 0.9.0
Check: dependencies in R code
Result: NOTE Namespaces in Imports field not imported from: ‘RInside’ ‘circular’ All declared Imports should be used. Flavors: r-devel-linux-x86_64-fedora-clang, r-devel-linux-x86_64-fedora-gcc

Version: 0.9.0
Check: installed package size
Result: NOTE installed size is 7.1Mb sub-directories of 1Mb or more: data 1.8Mb libs 4.7Mb Flavors: r-release-macos-arm64, r-release-macos-x86_64, r-oldrel-macos-arm64, r-oldrel-macos-x86_64