CRAN Package Check Results for Package ClimProjDiags

Last updated on 2023-09-29 21:53:49 CEST.

Flavor Version Tinstall Tcheck Ttotal Status Flags
r-devel-linux-x86_64-debian-clang 0.3.2 4.80 47.47 52.27 OK
r-devel-linux-x86_64-debian-gcc 0.3.2 4.50 35.81 40.31 OK
r-devel-linux-x86_64-fedora-clang 0.3.2 65.91 NOTE
r-devel-linux-x86_64-fedora-gcc 0.3.2 77.33 NOTE
r-devel-windows-x86_64 0.3.2 7.00 60.00 67.00 OK
r-patched-linux-x86_64 0.3.2 5.74 46.21 51.95 OK
r-release-linux-x86_64 0.3.2 6.53 45.10 51.63 OK
r-release-macos-arm64 0.3.2 32.00 OK
r-release-macos-x86_64 0.3.2 51.00 OK
r-release-windows-x86_64 0.3.2 9.00 64.00 73.00 OK
r-oldrel-macos-arm64 0.3.2 29.00 OK
r-oldrel-macos-x86_64 0.3.2 37.00 OK
r-oldrel-windows-x86_64 0.3.2 8.00 64.00 72.00 OK

Check Details

Version: 0.3.2
Check: dependencies in R code
Result: NOTE
    Namespace in Imports field not imported from: ‘plyr’
     All declared Imports should be used.
Flavors: r-devel-linux-x86_64-fedora-clang, r-devel-linux-x86_64-fedora-gcc

Version: 0.3.2
Check: Rd cross-references
Result: NOTE
    Undeclared package ‘s2dv’ in Rd xrefs
Flavor: r-devel-linux-x86_64-fedora-clang