Last updated on 2024-04-17 22:59:48 CEST.
Flavor | Version | Tinstall | Tcheck | Ttotal | Status | Flags |
---|---|---|---|---|---|---|
r-devel-linux-x86_64-debian-clang | 1.7.7 | 19.69 | 152.48 | 172.17 | NOTE | |
r-devel-linux-x86_64-debian-gcc | 1.7.7 | 15.42 | 110.76 | 126.18 | NOTE | |
r-devel-linux-x86_64-fedora-clang | 1.7.7 | 227.93 | NOTE | |||
r-devel-linux-x86_64-fedora-gcc | 1.7.7 | 214.89 | NOTE | |||
r-prerel-macos-arm64 | 1.7.7 | 62.00 | NOTE | |||
r-prerel-windows-x86_64 | 1.7.7 | 18.00 | 163.00 | 181.00 | NOTE | |
r-patched-linux-x86_64 | 1.7.7 | 13.92 | 146.07 | 159.99 | NOTE | |
r-release-linux-x86_64 | 1.7.7 | 13.19 | 150.03 | 163.22 | OK | |
r-release-macos-arm64 | 1.7.7 | 65.00 | OK | |||
r-release-macos-x86_64 | 1.7.7 | 100.00 | OK | |||
r-release-windows-x86_64 | 1.7.7 | 24.00 | 166.00 | 190.00 | OK | |
r-oldrel-macos-arm64 | 1.7.7 | 57.00 | OK | |||
r-oldrel-windows-x86_64 | 1.7.7 | 27.00 | 161.00 | 188.00 | OK |
Version: 1.7.7
Check: Rd \usage sections
Result: NOTE
Documented arguments not in \usage in Rd file 'calculate_connectivity.Rd':
‘datdf’
Documented arguments not in \usage in Rd file 'dunn_metric.Rd':
‘distance’ ‘method’
Documented arguments not in \usage in Rd file 'evaluate_all_column_dataset.Rd':
‘data’
Documented arguments not in \usage in Rd file 'information_external.Rd':
‘info’
Documented arguments not in \usage in Rd file 'information_internal.Rd':
‘info’
Functions with \usage entries need to have the appropriate \alias
entries, and all their arguments documented.
The \usage entries must correspond to syntactically valid R code.
See chapter ‘Writing R documentation files’ in the ‘Writing R
Extensions’ manual.
Flavors: r-devel-linux-x86_64-debian-clang, r-devel-linux-x86_64-debian-gcc, r-devel-linux-x86_64-fedora-clang, r-devel-linux-x86_64-fedora-gcc, r-prerel-macos-arm64, r-prerel-windows-x86_64, r-patched-linux-x86_64