CRAN Package Check Results for Package CoFRA

Last updated on 2020-02-22 22:47:42 CET.

Flavor Version Tinstall Tcheck Ttotal Status Flags
r-devel-linux-x86_64-debian-clang 0.1002 14.21 42.88 57.09 OK
r-devel-linux-x86_64-debian-gcc 0.1002 12.52 33.23 45.75 OK
r-devel-linux-x86_64-fedora-clang 0.1002 71.62 WARN
r-devel-linux-x86_64-fedora-gcc 0.1002 68.36 OK
r-devel-windows-ix86+x86_64 0.1002 19.00 50.00 69.00 OK
r-devel-windows-ix86+x86_64-gcc8 0.1002 24.00 67.00 91.00 OK
r-patched-linux-x86_64 0.1002 OK
r-patched-solaris-x86 0.1002 106.10 OK
r-release-linux-x86_64 0.1002 13.76 38.45 52.21 OK
r-release-windows-ix86+x86_64 0.1002 19.00 51.00 70.00 OK
r-release-osx-x86_64 0.1002 OK
r-oldrel-windows-ix86+x86_64 0.1002 20.00 51.00 71.00 OK
r-oldrel-osx-x86_64 0.1002 OK

Check Details

Version: 0.1002
Check: package dependencies
Result: WARN
    Requires orphaned package: ‘gplots’
Flavor: r-devel-linux-x86_64-fedora-clang