Last updated on 2023-09-23 23:00:43 CEST.
Flavor | Version | Tinstall | Tcheck | Ttotal | Status | Flags |
---|---|---|---|---|---|---|
r-devel-linux-x86_64-debian-clang | 0.1.0 | 3.34 | 40.11 | 43.45 | OK | |
r-devel-linux-x86_64-debian-gcc | 0.1.0 | 2.31 | 34.12 | 36.43 | OK | |
r-devel-linux-x86_64-fedora-clang | 0.1.0 | 51.81 | NOTE | |||
r-devel-linux-x86_64-fedora-gcc | 0.1.0 | 51.43 | NOTE | |||
r-devel-windows-x86_64 | 0.1.0 | 5.00 | 52.00 | 57.00 | OK | |
r-patched-linux-x86_64 | 0.1.0 | 3.18 | 38.34 | 41.52 | OK | |
r-release-linux-x86_64 | 0.1.0 | 2.45 | 38.91 | 41.36 | OK | |
r-release-macos-arm64 | 0.1.0 | 21.00 | OK | |||
r-release-macos-x86_64 | 0.1.0 | 30.00 | OK | |||
r-release-windows-x86_64 | 0.1.0 | 6.00 | 54.00 | 60.00 | OK | |
r-oldrel-macos-arm64 | 0.1.0 | 18.00 | NOTE | |||
r-oldrel-macos-x86_64 | 0.1.0 | 35.00 | NOTE | |||
r-oldrel-windows-x86_64 | 0.1.0 | 6.00 | 58.00 | 64.00 | OK |
Version: 0.1.0
Check: data for non-ASCII characters
Result: NOTE
Note: found 742 marked UTF-8 strings
Flavors: r-devel-linux-x86_64-fedora-clang, r-devel-linux-x86_64-fedora-gcc, r-oldrel-macos-arm64, r-oldrel-macos-x86_64