CRAN Package Check Results for Package CommT

Last updated on 2021-11-29 22:59:07 CET.

Flavor Version Tinstall Tcheck Ttotal Status Flags
r-devel-linux-x86_64-debian-clang 0.1.1 11.61 122.70 134.31 NOTE
r-devel-linux-x86_64-debian-gcc 0.1.1 6.94 86.29 93.23 NOTE
r-devel-linux-x86_64-fedora-clang 0.1.1 160.37 NOTE
r-devel-linux-x86_64-fedora-gcc 0.1.1 153.59 NOTE
r-patched-linux-x86_64 0.1.1 9.47 108.11 117.58 NOTE
r-patched-solaris-x86 0.1.1 213.80 NOTE
r-release-linux-x86_64 0.1.1 10.04 108.01 118.05 NOTE
r-release-macos-arm64 0.1.1 NOTE
r-release-macos-x86_64 0.1.1 NOTE
r-oldrel-macos-x86_64 0.1.1 NOTE

Check Details

Version: 0.1.1
Check: R code for possible problems
Result: NOTE
    CommT.anova: no visible global function definition for 'aov'
    CommT.legendpos: no visible global function definition for 'quantile'
    CommT.plotcolors: no visible global function definition for 'hcl'
    Undefined global functions or variables:
     aov hcl quantile
    Consider adding
     importFrom("grDevices", "hcl")
     importFrom("stats", "aov", "quantile")
    to your NAMESPACE file.
Flavors: r-devel-linux-x86_64-debian-clang, r-devel-linux-x86_64-debian-gcc, r-devel-linux-x86_64-fedora-clang, r-devel-linux-x86_64-fedora-gcc, r-patched-linux-x86_64, r-patched-solaris-x86, r-release-linux-x86_64, r-release-macos-arm64, r-release-macos-x86_64, r-oldrel-macos-x86_64