CRAN Package Check Results for Package CompRandFld

Last updated on 2021-08-05 22:54:41 CEST.

Flavor Version Tinstall Tcheck Ttotal Status Flags
r-devel-linux-x86_64-debian-clang 1.0.3-6 23.01 123.78 146.79 OK
r-devel-linux-x86_64-debian-gcc 1.0.3-6 17.87 89.95 107.82 OK
r-devel-linux-x86_64-fedora-clang 1.0.3-6 181.47 OK
r-devel-linux-x86_64-fedora-gcc 1.0.3-6 168.29 OK
r-devel-windows-x86_64 1.0.3-6 33.00 144.00 177.00 OK
r-devel-windows-x86_64-gcc10-UCRT 1.0.3-6 ERROR
r-patched-linux-x86_64 1.0.3-6 22.03 114.20 136.23 OK
r-patched-solaris-x86 1.0.3-6 249.50 OK
r-release-linux-x86_64 1.0.3-6 16.52 115.20 131.72 OK
r-release-macos-arm64 1.0.3-6 OK
r-release-macos-x86_64 1.0.3-6 OK
r-release-windows-ix86+x86_64 1.0.3-6 55.00 150.00 205.00 OK
r-oldrel-macos-x86_64 1.0.3-6 OK
r-oldrel-windows-ix86+x86_64 1.0.3-6 55.00 199.00 254.00 OK

Check Details

Version: 1.0.3-6
Check: package dependencies
Result: ERROR
    Package required but not available: 'fields'
    
    See section 'The DESCRIPTION file' in the 'Writing R Extensions'
    manual.
Flavor: r-devel-windows-x86_64-gcc10-UCRT