CRAN Package Check Results for Package CompareCausalNetworks

Last updated on 2022-01-25 22:56:52 CET.

Flavor Version Tinstall Tcheck Ttotal Status Flags
r-devel-linux-x86_64-debian-clang 0.2.6.2 10.57 127.18 137.75 NOTE
r-devel-linux-x86_64-debian-gcc 0.2.6.2 9.75 109.11 118.86 NOTE
r-devel-linux-x86_64-fedora-clang 0.2.6.2 161.50 NOTE
r-devel-linux-x86_64-fedora-gcc 0.2.6.2 160.41 NOTE
r-devel-windows-x86_64-new-UL 0.2.6.2 184.00 143.00 327.00 NOTE
r-devel-windows-x86_64-new-TK 0.2.6.2 NOTE
r-patched-linux-x86_64 0.2.6.2 11.91 116.46 128.37 NOTE
r-release-linux-x86_64 0.2.6.2 8.58 115.78 124.36 NOTE
r-release-macos-arm64 0.2.6.2 NOTE
r-release-macos-x86_64 0.2.6.2 NOTE
r-release-windows-ix86+x86_64 0.2.6.2 21.00 136.00 157.00 OK
r-oldrel-macos-x86_64 0.2.6.2 NOTE
r-oldrel-windows-ix86+x86_64 0.2.6.2 21.00 132.00 153.00 OK

Check Details

Version: 0.2.6.2
Check: package dependencies
Result: NOTE
    Package suggested but not available for checking: 'CAM'
Flavors: r-devel-linux-x86_64-debian-clang, r-devel-linux-x86_64-debian-gcc, r-devel-linux-x86_64-fedora-clang, r-devel-linux-x86_64-fedora-gcc, r-devel-windows-x86_64-new-UL, r-devel-windows-x86_64-new-TK, r-patched-linux-x86_64, r-release-linux-x86_64, r-release-macos-x86_64

Version: 0.2.6.2
Check: package dependencies
Result: NOTE
    Packages suggested but not available for checking: 'pcalg', 'CAM'
Flavor: r-release-macos-arm64

Version: 0.2.6.2
Check: package dependencies
Result: NOTE
    Packages suggested but not available for checking: 'CAM', 'flare'
Flavor: r-oldrel-macos-x86_64