CRAN Package Check Results for Package CompareCausalNetworks

Last updated on 2021-08-04 22:55:08 CEST.

Flavor Version Tinstall Tcheck Ttotal Status Flags
r-devel-linux-x86_64-debian-clang 0.2.6.2 11.49 116.11 127.60 NOTE
r-devel-linux-x86_64-debian-gcc 0.2.6.2 9.46 87.09 96.55 NOTE
r-devel-linux-x86_64-fedora-clang 0.2.6.2 154.72 NOTE
r-devel-linux-x86_64-fedora-gcc 0.2.6.2 144.09 NOTE
r-devel-windows-x86_64 0.2.6.2 10.00 122.00 132.00 OK
r-devel-windows-x86_64-gcc10-UCRT 0.2.6.2 NOTE
r-patched-linux-x86_64 0.2.6.2 10.88 106.40 117.28 NOTE
r-patched-solaris-x86 0.2.6.2 205.90 NOTE
r-release-linux-x86_64 0.2.6.2 9.98 107.89 117.87 NOTE
r-release-macos-arm64 0.2.6.2 NOTE
r-release-macos-x86_64 0.2.6.2 NOTE
r-release-windows-ix86+x86_64 0.2.6.2 21.00 98.00 119.00 OK
r-oldrel-macos-x86_64 0.2.6.2 NOTE
r-oldrel-windows-ix86+x86_64 0.2.6.2 14.00 135.00 149.00 OK

Check Details

Version: 0.2.6.2
Check: package dependencies
Result: NOTE
    Package suggested but not available for checking: 'CAM'
Flavors: r-devel-linux-x86_64-debian-clang, r-devel-linux-x86_64-debian-gcc, r-devel-linux-x86_64-fedora-clang, r-devel-linux-x86_64-fedora-gcc, r-devel-windows-x86_64-gcc10-UCRT, r-patched-linux-x86_64, r-patched-solaris-x86, r-release-linux-x86_64, r-release-macos-x86_64

Version: 0.2.6.2
Check: package dependencies
Result: NOTE
    Packages suggested but not available for checking: 'pcalg', 'CAM'
Flavor: r-release-macos-arm64

Version: 0.2.6.2
Check: package dependencies
Result: NOTE
    Packages suggested but not available for checking: 'CAM', 'flare'
Flavor: r-oldrel-macos-x86_64