CRAN Package Check Results for Package ConConPiWiFun

Last updated on 2021-07-31 22:53:24 CEST.

Flavor Version Tinstall Tcheck Ttotal Status Flags
r-devel-linux-x86_64-debian-clang 0.4.6.1 31.87 49.52 81.39 OK
r-devel-linux-x86_64-debian-gcc 0.4.6.1 24.98 37.70 62.68 OK
r-devel-linux-x86_64-fedora-clang 0.4.6.1 115.15 NOTE
r-devel-linux-x86_64-fedora-gcc 0.4.6.1 100.98 NOTE
r-devel-windows-x86_64 0.4.6.1 27.00 75.00 102.00 OK
r-devel-windows-x86_64-gcc10-UCRT 0.4.6.1 OK
r-patched-linux-x86_64 0.4.6.1 OK
r-patched-solaris-x86 0.4.6.1 113.30 OK
r-release-linux-x86_64 0.4.6.1 25.56 46.30 71.86 OK
r-release-macos-arm64 0.4.6.1 NOTE
r-release-macos-x86_64 0.4.6.1 NOTE
r-release-windows-ix86+x86_64 0.4.6.1 67.00 78.00 145.00 OK
r-oldrel-macos-x86_64 0.4.6.1 NOTE
r-oldrel-windows-ix86+x86_64 0.4.6.1 53.00 108.00 161.00 OK

Check Details

Version: 0.4.6.1
Check: compiled code
Result: NOTE
    File ‘ConConPiWiFun/libs/ConConPiWiFun.so’:
     Found no calls to: ‘R_registerRoutines’, ‘R_useDynamicSymbols’
    
    It is good practice to register native routines and to disable symbol
    search.
    
    See ‘Writing portable packages’ in the ‘Writing R Extensions’ manual.
Flavors: r-devel-linux-x86_64-fedora-clang, r-devel-linux-x86_64-fedora-gcc

Version: 0.4.6.1
Check: installed package size
Result: NOTE
     installed size is 7.1Mb
     sub-directories of 1Mb or more:
     libs 6.9Mb
Flavors: r-release-macos-arm64, r-release-macos-x86_64, r-oldrel-macos-x86_64