CRAN Package Check Results for Package ConConPiWiFun

Last updated on 2021-10-17 22:48:29 CEST.

Flavor Version Tinstall Tcheck Ttotal Status Flags
r-devel-linux-x86_64-debian-clang 0.4.6.1 26.41 48.71 75.12 OK
r-devel-linux-x86_64-debian-gcc 0.4.6.1 23.37 38.15 61.52 OK
r-devel-linux-x86_64-fedora-clang 0.4.6.1 113.14 NOTE
r-devel-linux-x86_64-fedora-gcc 0.4.6.1 101.09 NOTE
r-devel-windows-x86_64 0.4.6.1 35.00 91.00 126.00 OK
r-devel-windows-x86_64-gcc10-UCRT 0.4.6.1 OK
r-patched-linux-x86_64 0.4.6.1 27.61 46.58 74.19 OK
r-patched-solaris-x86 0.4.6.1 115.40 OK
r-release-linux-x86_64 0.4.6.1 27.33 47.79 75.12 OK
r-release-macos-arm64 0.4.6.1 NOTE
r-release-macos-x86_64 0.4.6.1 NOTE
r-release-windows-ix86+x86_64 0.4.6.1 56.00 109.00 165.00 OK
r-oldrel-macos-x86_64 0.4.6.1 NOTE
r-oldrel-windows-ix86+x86_64 0.4.6.1 72.00 107.00 179.00 OK

Check Details

Version: 0.4.6.1
Check: compiled code
Result: NOTE
    File ‘ConConPiWiFun/libs/ConConPiWiFun.so’:
     Found no calls to: ‘R_registerRoutines’, ‘R_useDynamicSymbols’
    
    It is good practice to register native routines and to disable symbol
    search.
    
    See ‘Writing portable packages’ in the ‘Writing R Extensions’ manual.
Flavors: r-devel-linux-x86_64-fedora-clang, r-devel-linux-x86_64-fedora-gcc

Version: 0.4.6.1
Check: installed package size
Result: NOTE
     installed size is 7.1Mb
     sub-directories of 1Mb or more:
     libs 6.9Mb
Flavors: r-release-macos-arm64, r-release-macos-x86_64, r-oldrel-macos-x86_64