Last updated on 2022-07-06 21:53:37 CEST.
Flavor | Version | Tinstall | Tcheck | Ttotal | Status | Flags |
---|---|---|---|---|---|---|
r-devel-linux-x86_64-debian-clang | 0.7.27 | 14.55 | 139.47 | 154.02 | OK | |
r-devel-linux-x86_64-debian-gcc | 0.7.27 | 10.85 | 101.81 | 112.66 | OK | |
r-devel-linux-x86_64-fedora-clang | 0.7.27 | 197.31 | WARN | |||
r-devel-linux-x86_64-fedora-gcc | 0.7.27 | 195.69 | WARN | |||
r-devel-windows-x86_64 | 0.7.27 | 30.00 | 170.00 | 200.00 | OK | |
r-patched-linux-x86_64 | 0.7.27 | 10.23 | 129.07 | 139.30 | OK | |
r-release-linux-x86_64 | 0.7.27 | 9.42 | 130.48 | 139.90 | OK | |
r-release-macos-arm64 | 0.7.27 | 52.00 | OK | |||
r-release-macos-x86_64 | 0.7.27 | 74.00 | OK | |||
r-release-windows-x86_64 | 0.7.27 | 28.00 | 174.00 | 202.00 | OK | |
r-oldrel-macos-arm64 | 0.7.27 | 50.00 | OK | |||
r-oldrel-macos-x86_64 | 0.7.27 | 71.00 | OK | |||
r-oldrel-windows-ix86+x86_64 | 0.7.27 | 32.00 | 158.00 | 190.00 | OK |
Version: 0.7.27
Check: package dependencies
Result: WARN
Requires (indirectly) orphaned package: ‘gtools’
Flavors: r-devel-linux-x86_64-fedora-clang, r-devel-linux-x86_64-fedora-gcc