CRAN Package Check Results for Package CondIndTests

Last updated on 2021-08-04 22:55:08 CEST.

Flavor Version Tinstall Tcheck Ttotal Status Flags
r-devel-linux-x86_64-debian-clang 0.1.5 10.87 345.62 356.49 NOTE
r-devel-linux-x86_64-debian-gcc 0.1.5 9.62 276.20 285.82 NOTE
r-devel-linux-x86_64-fedora-clang 0.1.5 422.21 NOTE
r-devel-linux-x86_64-fedora-gcc 0.1.5 460.68 NOTE
r-devel-windows-x86_64 0.1.5 12.00 420.00 432.00 NOTE
r-devel-windows-x86_64-gcc10-UCRT 0.1.5 NOTE
r-patched-linux-x86_64 0.1.5 10.87 350.81 361.68 NOTE
r-patched-solaris-x86 0.1.5 705.00 NOTE
r-release-linux-x86_64 0.1.5 10.19 356.80 366.99 NOTE
r-release-macos-arm64 0.1.5 NOTE
r-release-macos-x86_64 0.1.5 NOTE
r-release-windows-ix86+x86_64 0.1.5 24.00 313.00 337.00 NOTE
r-oldrel-macos-x86_64 0.1.5 OK
r-oldrel-windows-ix86+x86_64 0.1.5 16.00 436.00 452.00 OK

Check Details

Version: 0.1.5
Check: LazyData
Result: NOTE
     'LazyData' is specified without a 'data' directory
Flavors: r-devel-linux-x86_64-debian-clang, r-devel-linux-x86_64-debian-gcc, r-devel-linux-x86_64-fedora-clang, r-devel-linux-x86_64-fedora-gcc, r-devel-windows-x86_64, r-devel-windows-x86_64-gcc10-UCRT, r-patched-linux-x86_64, r-patched-solaris-x86, r-release-linux-x86_64, r-release-macos-arm64, r-release-macos-x86_64, r-release-windows-ix86+x86_64