CRAN Package Check Results for Package CondIndTests

Last updated on 2021-12-05 22:48:48 CET.

Flavor Version Tinstall Tcheck Ttotal Status Flags
r-devel-linux-x86_64-debian-clang 0.1.5 10.27 353.04 363.31 NOTE
r-devel-linux-x86_64-debian-gcc 0.1.5 9.20 273.20 282.40 NOTE
r-devel-linux-x86_64-fedora-clang 0.1.5 442.78 NOTE
r-devel-linux-x86_64-fedora-gcc 0.1.5 429.58 NOTE
r-devel-windows-x86_64-new-UL 0.1.5 21.00 394.00 415.00 NOTE
r-devel-windows-x86_64-new-TK 0.1.5 NOTE
r-devel-windows-x86_64-old 0.1.5 17.00 318.00 335.00 NOTE
r-patched-linux-x86_64 0.1.5 10.75 348.92 359.67 NOTE
r-release-linux-x86_64 0.1.5 9.86 328.89 338.75 NOTE
r-release-macos-arm64 0.1.5 NOTE
r-release-macos-x86_64 0.1.5 NOTE
r-release-windows-ix86+x86_64 0.1.5 24.00 435.00 459.00 NOTE
r-oldrel-macos-x86_64 0.1.5 OK
r-oldrel-windows-ix86+x86_64 0.1.5 24.00 505.00 529.00 OK

Check Details

Version: 0.1.5
Check: LazyData
Result: NOTE
     'LazyData' is specified without a 'data' directory
Flavors: r-devel-linux-x86_64-debian-clang, r-devel-linux-x86_64-debian-gcc, r-devel-linux-x86_64-fedora-clang, r-devel-linux-x86_64-fedora-gcc, r-devel-windows-x86_64-new-UL, r-devel-windows-x86_64-new-TK, r-devel-windows-x86_64-old, r-patched-linux-x86_64, r-release-linux-x86_64, r-release-macos-arm64, r-release-macos-x86_64, r-release-windows-ix86+x86_64