CRAN Package Check Results for Package CondiS

Last updated on 2023-09-22 23:04:55 CEST.

Flavor Version Tinstall Tcheck Ttotal Status Flags
r-devel-linux-x86_64-debian-clang 0.1.2 16.44 170.75 187.19 OK
r-devel-linux-x86_64-debian-gcc 0.1.2 13.79 126.96 140.75 OK
r-devel-linux-x86_64-fedora-clang 0.1.2 224.80 NOTE
r-devel-linux-x86_64-fedora-gcc 0.1.2 237.12 NOTE
r-devel-windows-x86_64 0.1.2 15.00 136.00 151.00 OK
r-patched-linux-x86_64 0.1.2 13.46 158.46 171.92 OK
r-release-linux-x86_64 0.1.2 12.00 162.61 174.61 OK
r-release-macos-arm64 0.1.2 69.00 OK
r-release-macos-x86_64 0.1.2 122.00 OK
r-release-windows-x86_64 0.1.2 18.00 171.00 189.00 OK
r-oldrel-macos-arm64 0.1.2 57.00 NOTE
r-oldrel-macos-x86_64 0.1.2 99.00 NOTE
r-oldrel-windows-x86_64 0.1.2 20.00 169.00 189.00 OK

Check Details

Version: 0.1.2
Check: dependencies in R code
Result: NOTE
    Namespaces in Imports field not imported from:
     ‘kernlab’ ‘purrr’ ‘survminer’ ‘tidyverse’
     All declared Imports should be used.
Flavors: r-devel-linux-x86_64-fedora-clang, r-devel-linux-x86_64-fedora-gcc, r-oldrel-macos-arm64, r-oldrel-macos-x86_64