CRAN Package Check Results for Package ConformalSmallest

Last updated on 2021-11-30 22:54:27 CET.

Flavor Version Tinstall Tcheck Ttotal Status Flags
r-devel-linux-x86_64-debian-clang 1.0 3.83 108.85 112.68 OK
r-devel-linux-x86_64-debian-gcc 1.0 2.85 76.16 79.01 OK
r-devel-linux-x86_64-fedora-clang 1.0 126.76 NOTE
r-devel-linux-x86_64-fedora-gcc 1.0 119.77 NOTE
r-devel-windows-x86_64-new-UL 1.0 12.00 137.00 149.00 OK
r-devel-windows-x86_64-new-TK 1.0 NOTE
r-devel-windows-x86_64-old 1.0 7.00 92.00 99.00 OK
r-patched-linux-x86_64 1.0 4.06 90.79 94.85 OK
r-patched-solaris-x86 1.0 74.00 NOTE
r-release-linux-x86_64 1.0 3.95 88.34 92.29 OK
r-release-macos-arm64 1.0 NOTE
r-release-macos-x86_64 1.0 NOTE
r-release-windows-ix86+x86_64 1.0 8.00 124.00 132.00 OK
r-oldrel-macos-x86_64 1.0 NOTE
r-oldrel-windows-ix86+x86_64 1.0 6.00 93.00 99.00 OK

Check Details

Version: 1.0
Check: dependencies in R code
Result: NOTE
    Namespace in Imports field not imported from: ‘mvtnorm’
     All declared Imports should be used.
Flavors: r-devel-linux-x86_64-fedora-clang, r-devel-linux-x86_64-fedora-gcc, r-devel-windows-x86_64-new-TK, r-patched-solaris-x86, r-release-macos-arm64, r-release-macos-x86_64, r-oldrel-macos-x86_64