CRAN Package Check Results for Package CongreveLamsdell2016

Last updated on 2019-09-18 22:52:34 CEST.

Flavor Version Tinstall Tcheck Ttotal Status Flags
r-devel-linux-x86_64-debian-clang 1.0.1 3.63 253.48 257.11 OK
r-devel-linux-x86_64-debian-gcc 1.0.1 2.91 194.44 197.35 OK
r-devel-linux-x86_64-fedora-clang 1.0.1 318.16 NOTE
r-devel-linux-x86_64-fedora-gcc 1.0.1 316.86 OK
r-devel-windows-ix86+x86_64 1.0.1 12.00 182.00 194.00 NOTE
r-patched-linux-x86_64 1.0.1 3.71 250.65 254.36 OK
r-patched-solaris-x86 1.0.1 209.80 NOTE
r-release-linux-x86_64 1.0.1 4.03 248.69 252.72 OK
r-release-windows-ix86+x86_64 1.0.1 10.00 185.00 195.00 NOTE
r-release-osx-x86_64 1.0.1 NOTE
r-oldrel-windows-ix86+x86_64 1.0.1 6.00 177.00 183.00 NOTE
r-oldrel-osx-x86_64 1.0.1 NOTE

Check Details

Version: 1.0.1
Check: installed package size
Result: NOTE
     installed size is 5.4Mb
     sub-directories of 1Mb or more:
     doc 4.5Mb
Flavors: r-devel-linux-x86_64-fedora-clang, r-devel-windows-ix86+x86_64, r-patched-solaris-x86, r-release-windows-ix86+x86_64, r-release-osx-x86_64, r-oldrel-windows-ix86+x86_64, r-oldrel-osx-x86_64