Last updated on 2024-03-28 23:01:41 CET.
Flavor | Version | Tinstall | Tcheck | Ttotal | Status | Flags |
---|---|---|---|---|---|---|
r-devel-linux-x86_64-debian-clang | 3.0.1 | 36.39 | 353.55 | 389.94 | OK | |
r-devel-linux-x86_64-debian-gcc | 3.0.1 | 28.78 | 250.18 | 278.96 | OK | |
r-devel-linux-x86_64-fedora-clang | 3.0.1 | 489.80 | NOTE | |||
r-devel-linux-x86_64-fedora-gcc | 3.0.1 | 451.20 | NOTE | |||
r-devel-windows-x86_64 | 3.0.1 | 28.00 | 239.00 | 267.00 | OK | |
r-patched-linux-x86_64 | 3.0.1 | 31.36 | 330.09 | 361.45 | OK | |
r-release-linux-x86_64 | 3.0.1 | 31.90 | 329.58 | 361.48 | OK | |
r-release-macos-arm64 | 3.0.1 | 127.00 | OK | |||
r-release-macos-x86_64 | 3.0.1 | 283.00 | OK | |||
r-release-windows-x86_64 | 3.0.1 | 41.00 | 296.00 | 337.00 | OK | |
r-oldrel-macos-arm64 | 3.0.1 | 110.00 | OK | |||
r-oldrel-windows-x86_64 | 3.0.1 | 43.00 | 290.00 | 333.00 | OK |
Version: 3.0.1
Check: data for non-ASCII characters
Result: NOTE
Note: found 144 marked UTF-8 strings
Flavors: r-devel-linux-x86_64-fedora-clang, r-devel-linux-x86_64-fedora-gcc