CRAN Package Check Results for Package CopulaDTA

Last updated on 2019-09-15 22:49:17 CEST.

Flavor Version Tinstall Tcheck Ttotal Status Flags
r-devel-linux-x86_64-debian-clang 1.0.0 6.42 86.62 93.04 OK
r-devel-linux-x86_64-debian-gcc 1.0.0 6.52 65.74 72.26 OK
r-devel-linux-x86_64-fedora-clang 1.0.0 107.21 OK
r-devel-linux-x86_64-fedora-gcc 1.0.0 107.70 OK
r-devel-windows-ix86+x86_64 1.0.0 30.00 134.00 164.00 OK
r-patched-linux-x86_64 1.0.0 6.54 82.72 89.26 NOTE
r-patched-solaris-x86 1.0.0 158.40 OK
r-release-linux-x86_64 1.0.0 5.97 82.25 88.22 NOTE
r-release-windows-ix86+x86_64 1.0.0 15.00 90.00 105.00 OK
r-release-osx-x86_64 1.0.0 OK
r-oldrel-windows-ix86+x86_64 1.0.0 14.00 184.00 198.00 OK
r-oldrel-osx-x86_64 1.0.0 OK

Check Details

Version: 1.0.0
Check: DESCRIPTION meta-information
Result: NOTE
    Dependence on R version ‘3.4.2’ not with patchlevel 0
Flavors: r-patched-linux-x86_64, r-release-linux-x86_64