CRAN Package Check Results for Package CovTools

Last updated on 2019-12-11 22:51:04 CET.

Flavor Version Tinstall Tcheck Ttotal Status Flags
r-devel-linux-x86_64-debian-clang 0.5.3 75.87 89.25 165.12 OK
r-devel-linux-x86_64-debian-gcc 0.5.3 46.61 70.78 117.39 OK
r-devel-linux-x86_64-fedora-clang 0.5.3 211.01 OK
r-devel-linux-x86_64-fedora-gcc 0.5.3 201.11 OK
r-devel-windows-ix86+x86_64 0.5.3 142.00 156.00 298.00 OK
r-devel-windows-ix86+x86_64-gcc8 0.5.3 124.00 7.00 131.00 ERROR
r-patched-linux-x86_64 0.5.3 57.63 81.13 138.76 OK
r-patched-solaris-x86 0.5.3 267.20 OK
r-release-linux-x86_64 0.5.3 51.49 79.28 130.77 OK
r-release-windows-ix86+x86_64 0.5.3 139.00 143.00 282.00 OK
r-release-osx-x86_64 0.5.3 WARN
r-oldrel-windows-ix86+x86_64 0.5.3 127.00 126.00 253.00 OK
r-oldrel-osx-x86_64 0.5.3 WARN

Check Details

Version: 0.5.3
Check: whether package can be installed
Result: ERROR
    Installation failed.
Flavor: r-devel-windows-ix86+x86_64-gcc8

Version: 0.5.3
Check: whether package can be installed
Result: WARN
    Found the following significant warnings:
     Warning: 'rgl_init' failed, running with rgl.useNULL = TRUE
Flavors: r-release-osx-x86_64, r-oldrel-osx-x86_64

Version: 0.5.3
Check: dependencies in R code
Result: NOTE
    No protocol specified
Flavors: r-release-osx-x86_64, r-oldrel-osx-x86_64

Version: 0.5.3
Check: S3 generic/method consistency
Result: WARN
    No protocol specified
    See section ‘Generic functions and methods’ in the ‘Writing R
    Extensions’ manual.
Flavors: r-release-osx-x86_64, r-oldrel-osx-x86_64

Version: 0.5.3
Check: replacement functions
Result: WARN
    No protocol specified
    The argument of a replacement function which corresponds to the right
    hand side must be named ‘value’.
Flavors: r-release-osx-x86_64, r-oldrel-osx-x86_64

Version: 0.5.3
Check: foreign function calls
Result: NOTE
    No protocol specified
    See chapter ‘System and foreign language interfaces’ in the ‘Writing R
    Extensions’ manual.
Flavors: r-release-osx-x86_64, r-oldrel-osx-x86_64

Version: 0.5.3
Check: R code for possible problems
Result: NOTE
    No protocol specified
Flavors: r-release-osx-x86_64, r-oldrel-osx-x86_64

Version: 0.5.3
Check: Rd files
Result: WARN
    No protocol specified
    prepare_Rd: RGL: unable to open X11 display
    prepare_Rd: 'rgl_init' failed, running with rgl.useNULL = TRUE
Flavor: r-release-osx-x86_64

Version: 0.5.3
Check: for missing documentation entries
Result: WARN
    No protocol specified
    All user-level objects in a package should have documentation entries.
    See chapter ‘Writing R documentation files’ in the ‘Writing R
    Extensions’ manual.
Flavors: r-release-osx-x86_64, r-oldrel-osx-x86_64

Version: 0.5.3
Check: for code/documentation mismatches
Result: WARN
    No protocol specified
    No protocol specified
    No protocol specified
Flavors: r-release-osx-x86_64, r-oldrel-osx-x86_64

Version: 0.5.3
Check: Rd \usage sections
Result: NOTE
    No protocol specified
    The \usage entries for S3 methods should use the \method markup and not
    their full name.
    See chapter ‘Writing R documentation files’ in the ‘Writing R
    Extensions’ manual.
Flavors: r-release-osx-x86_64, r-oldrel-osx-x86_64