CRAN Package Check Results for Package Cubist

Last updated on 2021-05-14 23:50:42 CEST.

Flavor Version Tinstall Tcheck Ttotal Status Flags
r-devel-linux-x86_64-debian-clang 0.2.40 14.18 45.99 60.17 OK
r-devel-linux-x86_64-debian-gcc 0.2.40 9.69 36.07 45.76 OK
r-devel-linux-x86_64-fedora-clang 0.2.40 84.09 NOTE
r-devel-linux-x86_64-fedora-gcc 0.2.40 70.27 OK
r-devel-windows-ix86+x86_64 0.2.40 24.00 9.00 33.00 ERROR
r-devel-windows-x86_64-gcc10-UCRT 0.2.40 OK
r-patched-linux-x86_64 0.2.40 13.17 44.19 57.36 OK
r-patched-solaris-x86 0.2.40 97.80 OK
r-release-linux-x86_64 0.2.40 12.45 43.67 56.12 OK
r-release-macos-x86_64 0.2.40 OK
r-release-windows-ix86+x86_64 0.2.3 42.00 141.00 183.00 OK
r-oldrel-macos-x86_64 0.2.40 OK
r-oldrel-windows-ix86+x86_64 0.2.40 40.00 81.00 121.00 OK

Check Details

Version: 0.2.40
Check: Rd cross-references
Result: NOTE
    Undeclared package ‘caret’ in Rd xrefs
Flavor: r-devel-linux-x86_64-fedora-clang

Version: 0.2.40
Check: whether package can be installed
Result: ERROR
    Installation failed.
Flavor: r-devel-windows-ix86+x86_64