CRAN Package Check Results for Package CytobankAPI

Last updated on 2021-11-30 22:54:28 CET.

Flavor Version Tinstall Tcheck Ttotal Status Flags
r-devel-linux-x86_64-debian-clang 1.4.0 10.08 46.06 56.14 OK
r-devel-linux-x86_64-debian-gcc 1.4.0 8.73 40.73 49.46 OK
r-devel-linux-x86_64-fedora-clang 1.4.0 79.97 OK
r-devel-linux-x86_64-fedora-gcc 1.4.0 72.90 OK
r-devel-windows-x86_64-new-UL 1.4.0 35.00 96.00 131.00 OK
r-devel-windows-x86_64-new-TK 1.4.0 OK
r-devel-windows-x86_64-old 1.4.0 17.00 54.00 71.00 OK
r-patched-linux-x86_64 1.4.0 12.01 45.43 57.44 OK
r-patched-solaris-x86 1.4.0 92.90 NOTE
r-release-linux-x86_64 1.4.0 9.97 45.70 55.67 OK
r-release-macos-arm64 1.4.0 OK
r-release-macos-x86_64 1.4.0 OK
r-release-windows-ix86+x86_64 1.4.0 18.00 76.00 94.00 OK
r-oldrel-macos-x86_64 1.4.0 OK
r-oldrel-windows-ix86+x86_64 1.4.0 13.00 57.00 70.00 OK

Check Details

Version: 1.4.0
Check: installed package size
Result: NOTE
     installed size is 5.3Mb
     sub-directories of 1Mb or more:
     doc 4.3Mb
Flavor: r-patched-solaris-x86