CRAN Package Check Results for Package CytobankAPIstats

Last updated on 2021-07-30 22:57:22 CEST.

Flavor Version Tinstall Tcheck Ttotal Status Flags
r-devel-linux-x86_64-debian-clang 2.0 OK
r-devel-linux-x86_64-debian-gcc 2.0 9.98 76.06 86.04 OK
r-devel-linux-x86_64-fedora-clang 2.0 141.30 OK
r-devel-linux-x86_64-fedora-gcc 2.0 126.69 OK
r-devel-windows-x86_64 2.0 11.00 97.00 108.00 OK
r-devel-windows-x86_64-gcc10-UCRT 2.0 OK
r-patched-linux-x86_64 2.0 OK
r-patched-solaris-x86 2.0 153.70 OK
r-release-linux-x86_64 2.0 11.65 94.13 105.78 OK
r-release-macos-arm64 2.0 ERROR
r-release-macos-x86_64 2.0 OK
r-release-windows-ix86+x86_64 2.0 22.00 101.00 123.00 OK
r-oldrel-macos-x86_64 2.0 OK
r-oldrel-windows-ix86+x86_64 2.0 19.00 108.00 127.00 OK

Additional issues

donttest

Check Details

Version: 2.0
Check: whether package can be installed
Result: ERROR
    Installation failed.
Flavor: r-release-macos-arm64