CRAN Package Check Results for Package D3partitionR

Last updated on 2021-10-22 22:56:28 CEST.

Flavor Version Tinstall Tcheck Ttotal Status Flags
r-devel-linux-x86_64-debian-clang 0.5.0 4.08 29.89 33.97 NOTE
r-devel-linux-x86_64-debian-gcc 0.5.0 2.99 23.29 26.28 NOTE
r-devel-linux-x86_64-fedora-clang 0.5.0 51.12 NOTE
r-devel-linux-x86_64-fedora-gcc 0.5.0 39.79 NOTE
r-devel-windows-x86_64 0.5.0 6.00 52.00 58.00 NOTE
r-devel-windows-x86_64-gcc10-UCRT 0.5.0 NOTE
r-patched-linux-x86_64 0.5.0 4.10 28.65 32.75 NOTE
r-patched-solaris-x86 0.5.0 63.50 NOTE
r-release-linux-x86_64 0.5.0 4.13 28.59 32.72 NOTE
r-release-macos-arm64 0.5.0 NOTE
r-release-macos-x86_64 0.5.0 NOTE
r-release-windows-ix86+x86_64 0.5.0 7.00 46.00 53.00 NOTE
r-oldrel-macos-x86_64 0.5.0 NOTE
r-oldrel-windows-ix86+x86_64 0.5.0 8.00 45.00 53.00 OK

Check Details

Version: 0.5.0
Check: LazyData
Result: NOTE
     'LazyData' is specified without a 'data' directory
Flavors: r-devel-linux-x86_64-debian-clang, r-devel-linux-x86_64-debian-gcc, r-devel-linux-x86_64-fedora-clang, r-devel-linux-x86_64-fedora-gcc, r-devel-windows-x86_64, r-devel-windows-x86_64-gcc10-UCRT, r-patched-linux-x86_64, r-patched-solaris-x86, r-release-linux-x86_64, r-release-macos-arm64, r-release-macos-x86_64, r-release-windows-ix86+x86_64

Version: 0.5.0
Check: dependencies in R code
Result: NOTE
    Namespace in Imports field not imported from: ‘titanic’
     All declared Imports should be used.
Flavors: r-devel-linux-x86_64-fedora-clang, r-devel-linux-x86_64-fedora-gcc, r-devel-windows-x86_64-gcc10-UCRT, r-patched-solaris-x86, r-release-macos-arm64, r-release-macos-x86_64, r-oldrel-macos-x86_64

Version: 0.5.0
Check: installed package size
Result: NOTE
     installed size is 5.2Mb
     sub-directories of 1Mb or more:
     img 4.7Mb
Flavor: r-patched-solaris-x86