CRAN Package Check Results for Package DAMisc

Last updated on 2021-05-13 22:50:56 CEST.

Flavor Version Tinstall Tcheck Ttotal Status Flags
r-devel-linux-x86_64-debian-clang 1.6.2 36.84 320.03 356.87 OK
r-devel-linux-x86_64-debian-gcc 1.6.2 28.94 240.60 269.54 OK
r-devel-linux-x86_64-fedora-clang 1.6.2 456.76 NOTE
r-devel-linux-x86_64-fedora-gcc 1.6.2 416.80 NOTE
r-devel-windows-ix86+x86_64 1.6.2 78.00 370.00 448.00 OK
r-devel-windows-x86_64-gcc10-UCRT 1.6.2 NOTE
r-patched-linux-x86_64 1.6.2 45.78 303.55 349.33 OK
r-patched-solaris-x86 1.6.2 594.00 NOTE
r-release-linux-x86_64 1.6.2 36.03 293.92 329.95 OK
r-release-macos-x86_64 1.6.2 NOTE
r-release-windows-ix86+x86_64 1.6.2 58.00 283.00 341.00 OK
r-oldrel-macos-x86_64 1.6.2 NOTE
r-oldrel-windows-ix86+x86_64 1.6.2 67.00 341.00 408.00 OK

Check Details

Version: 1.6.2
Check: package dependencies
Result: NOTE
    Imports includes 27 non-default packages.
    Importing from so many packages makes the package vulnerable to any of
    them becoming unavailable. Move as many as possible to Suggests and
    use conditionally.
Flavor: r-devel-linux-x86_64-fedora-clang

Version: 1.6.2
Check: dependencies in R code
Result: NOTE
    Namespace in Imports field not imported from: ‘gamlss’
     All declared Imports should be used.
Flavors: r-devel-linux-x86_64-fedora-clang, r-devel-linux-x86_64-fedora-gcc, r-devel-windows-x86_64-gcc10-UCRT, r-patched-solaris-x86, r-release-macos-x86_64, r-oldrel-macos-x86_64