CRAN Package Check Results for Package DBItest

Last updated on 2021-12-07 22:59:27 CET.

Flavor Version Tinstall Tcheck Ttotal Status Flags
r-devel-linux-x86_64-debian-clang 1.7.1 17.57 64.87 82.44 NOTE
r-devel-linux-x86_64-debian-gcc 1.7.1 17.75 50.74 68.49 NOTE
r-devel-linux-x86_64-fedora-clang 1.7.1 114.55 NOTE
r-devel-linux-x86_64-fedora-gcc 1.7.1 95.90 NOTE
r-devel-windows-x86_64-new-UL 1.7.1 40.00 108.00 148.00 NOTE
r-devel-windows-x86_64-new-TK 1.7.1 NOTE
r-devel-windows-x86_64-old 1.7.1 32.00 86.00 118.00 NOTE
r-patched-linux-x86_64 1.7.1 24.49 62.48 86.97 NOTE
r-release-linux-x86_64 1.7.1 17.58 62.55 80.13 NOTE
r-release-macos-arm64 1.7.1 NOTE
r-release-macos-x86_64 1.7.1 NOTE
r-release-windows-ix86+x86_64 1.7.1 23.00 77.00 100.00 NOTE
r-oldrel-macos-x86_64 1.7.1 NOTE
r-oldrel-windows-ix86+x86_64 1.7.1 36.00 76.00 112.00 NOTE

Check Details

Version: 1.7.1
Check: package dependencies
Result: NOTE
    Package suggested but not available for checking: 'dblog'
Flavors: r-devel-linux-x86_64-debian-clang, r-devel-linux-x86_64-debian-gcc, r-devel-linux-x86_64-fedora-clang, r-devel-linux-x86_64-fedora-gcc, r-devel-windows-x86_64-new-UL, r-devel-windows-x86_64-new-TK, r-devel-windows-x86_64-old, r-patched-linux-x86_64, r-release-linux-x86_64, r-release-macos-arm64, r-release-macos-x86_64, r-release-windows-ix86+x86_64, r-oldrel-macos-x86_64, r-oldrel-windows-ix86+x86_64