CRAN Package Check Results for Package DCEM

Last updated on 2024-02-21 21:49:37 CET.

Flavor Version Tinstall Tcheck Ttotal Status Flags
r-devel-linux-x86_64-debian-clang 2.0.5 NOTE
r-devel-linux-x86_64-debian-gcc 2.0.5 15.17 31.86 47.03 NOTE
r-devel-linux-x86_64-fedora-clang 2.0.5 93.99 NOTE
r-devel-linux-x86_64-fedora-gcc 2.0.5 96.61 NOTE
r-devel-windows-x86_64 2.0.5 19.00 79.00 98.00 NOTE
r-patched-linux-x86_64 2.0.5 23.53 40.63 64.16 NOTE
r-release-linux-x86_64 2.0.5 22.94 40.33 63.27 NOTE
r-release-macos-arm64 2.0.5 33.00 NOTE
r-release-macos-x86_64 2.0.5 50.00 NOTE
r-release-windows-x86_64 2.0.5 18.00 88.00 106.00 NOTE
r-oldrel-macos-arm64 2.0.5 27.00 OK
r-oldrel-windows-x86_64 2.0.5 25.00 82.00 107.00 OK

Check Details

Version: 2.0.5
Check: package subdirectories
Result: NOTE Problems with news in ‘NEWS.md’: No news entries found. Flavors: r-devel-linux-x86_64-debian-clang, r-devel-linux-x86_64-debian-gcc, r-devel-linux-x86_64-fedora-clang, r-devel-linux-x86_64-fedora-gcc, r-devel-windows-x86_64, r-patched-linux-x86_64, r-release-linux-x86_64, r-release-macos-arm64, r-release-macos-x86_64, r-release-windows-x86_64