Last updated on 2023-12-03 22:57:04 CET.
Flavor | Version | Tinstall | Tcheck | Ttotal | Status | Flags |
---|---|---|---|---|---|---|
r-devel-linux-x86_64-debian-clang | 1.1.0 | 14.87 | 110.76 | 125.63 | OK | |
r-devel-linux-x86_64-debian-gcc | 1.1.0 | 10.42 | 82.89 | 93.31 | OK | |
r-devel-linux-x86_64-fedora-clang | 1.1.0 | 158.83 | NOTE | |||
r-devel-linux-x86_64-fedora-gcc | 1.1.0 | 162.04 | NOTE | |||
r-devel-windows-x86_64 | 1.1.0 | 13.00 | 93.00 | 106.00 | OK | |
r-patched-linux-x86_64 | 1.1.0 | 8.92 | 105.12 | 114.04 | OK | |
r-release-linux-x86_64 | 1.1.0 | 12.10 | 105.07 | 117.17 | OK | |
r-release-macos-arm64 | 1.1.0 | 54.00 | OK | |||
r-release-macos-x86_64 | 1.1.0 | 157.00 | OK | |||
r-release-windows-x86_64 | 1.1.0 | 17.00 | 111.00 | 128.00 | OK | |
r-oldrel-macos-arm64 | 1.1.0 | 49.00 | OK | |||
r-oldrel-macos-x86_64 | 1.1.0 | 69.00 | OK | |||
r-oldrel-windows-x86_64 | 1.1.0 | 17.00 | 112.00 | 129.00 | OK |
Version: 1.1.0
Check: dependencies in R code
Result: NOTE
Namespace in Imports field not imported from: ‘knitr’
All declared Imports should be used.
Flavors: r-devel-linux-x86_64-fedora-clang, r-devel-linux-x86_64-fedora-gcc