Last updated on 2023-10-02 22:07:56 CEST.
Flavor | Version | Tinstall | Tcheck | Ttotal | Status | Flags |
---|---|---|---|---|---|---|
r-devel-linux-x86_64-debian-clang | 5.2.2 | 121.14 | 144.48 | 265.62 | OK | |
r-devel-linux-x86_64-debian-gcc | 5.2.2 | 83.89 | 107.79 | 191.68 | OK | |
r-devel-linux-x86_64-fedora-clang | 5.2.2 | 345.21 | OK | |||
r-devel-linux-x86_64-fedora-gcc | 5.2.2 | 352.49 | OK | |||
r-devel-windows-x86_64 | 5.2.2 | 88.00 | 159.00 | 247.00 | OK | |
r-patched-linux-x86_64 | 5.2.2 | 120.02 | 143.43 | 263.45 | OK | |
r-release-linux-x86_64 | 5.2.2 | 124.40 | 145.16 | 269.56 | OK | |
r-release-macos-arm64 | 5.2.2 | 80.00 | NOTE | |||
r-release-macos-x86_64 | 5.2.2 | 203.00 | NOTE | |||
r-release-windows-x86_64 | 5.2.2 | 113.00 | 184.00 | 297.00 | OK | |
r-oldrel-macos-arm64 | 5.2.2 | 78.00 | NOTE | |||
r-oldrel-macos-x86_64 | 5.2.2 | 138.00 | NOTE | |||
r-oldrel-windows-x86_64 | 5.2.2 | 107.00 | 178.00 | 285.00 | OK |
Version: 5.2.2
Check: installed package size
Result: NOTE
installed size is 7.8Mb
sub-directories of 1Mb or more:
libs 7.3Mb
Flavors: r-release-macos-arm64, r-release-macos-x86_64, r-oldrel-macos-arm64, r-oldrel-macos-x86_64