CRAN Package Check Results for Package DDoutlier

Last updated on 2022-01-23 22:49:37 CET.

Flavor Version Tinstall Tcheck Ttotal Status Flags
r-devel-linux-x86_64-debian-clang 0.1.0 3.05 34.31 37.36 NOTE
r-devel-linux-x86_64-debian-gcc 0.1.0 2.10 28.90 31.00 NOTE
r-devel-linux-x86_64-fedora-clang 0.1.0 47.32 NOTE
r-devel-linux-x86_64-fedora-gcc 0.1.0 34.75 NOTE
r-devel-windows-x86_64-new-UL 0.1.0 35.00 52.00 87.00 NOTE
r-devel-windows-x86_64-new-TK 0.1.0 NOTE
r-patched-linux-x86_64 0.1.0 2.58 32.54 35.12 NOTE
r-release-linux-x86_64 0.1.0 2.72 32.57 35.29 NOTE
r-release-macos-arm64 0.1.0 NOTE
r-release-macos-x86_64 0.1.0 NOTE
r-release-windows-ix86+x86_64 0.1.0 6.00 30.00 36.00 NOTE
r-oldrel-macos-x86_64 0.1.0 OK
r-oldrel-windows-ix86+x86_64 0.1.0 7.00 43.00 50.00 OK

Check Details

Version: 0.1.0
Check: LazyData
Result: NOTE
     'LazyData' is specified without a 'data' directory
Flavors: r-devel-linux-x86_64-debian-clang, r-devel-linux-x86_64-debian-gcc, r-devel-linux-x86_64-fedora-clang, r-devel-linux-x86_64-fedora-gcc, r-devel-windows-x86_64-new-UL, r-devel-windows-x86_64-new-TK, r-patched-linux-x86_64, r-release-linux-x86_64, r-release-macos-arm64, r-release-macos-x86_64, r-release-windows-ix86+x86_64