CRAN Package Check Results for Package DEoptim

Last updated on 2019-12-11 22:51:05 CET.

Flavor Version Tinstall Tcheck Ttotal Status Flags
r-devel-linux-x86_64-debian-clang 2.2-4 4.02 42.70 46.72 OK
r-devel-linux-x86_64-debian-gcc 2.2-4 2.60 32.79 35.39 OK
r-devel-linux-x86_64-fedora-clang 2.2-4 60.40 NOTE
r-devel-linux-x86_64-fedora-gcc 2.2-4 58.67 NOTE
r-devel-windows-ix86+x86_64 2.2-4 11.00 79.00 90.00 OK
r-devel-windows-ix86+x86_64-gcc8 2.2-4 11.00 104.00 115.00 OK
r-patched-linux-x86_64 2.2-4 2.74 40.25 42.99 OK
r-patched-solaris-x86 2.2-4 80.10 OK
r-release-linux-x86_64 2.2-4 3.11 40.30 43.41 OK
r-release-windows-ix86+x86_64 2.2-4 16.00 78.00 94.00 OK
r-release-osx-x86_64 2.2-4 OK
r-oldrel-windows-ix86+x86_64 2.2-4 8.00 67.00 75.00 OK
r-oldrel-osx-x86_64 2.2-4 OK

Additional issues

LTO

Check Details

Version: 2.2-4
Check: compiled code
Result: NOTE
    File ‘DEoptim/libs/DEoptim.so’:
     Found no calls to: ‘R_registerRoutines’, ‘R_useDynamicSymbols’
    
    It is good practice to register native routines and to disable symbol
    search.
    
    See ‘Writing portable packages’ in the ‘Writing R Extensions’ manual.
Flavors: r-devel-linux-x86_64-fedora-clang, r-devel-linux-x86_64-fedora-gcc