CRAN Package Check Results for Package DEoptim

Last updated on 2019-08-17 22:46:24 CEST.

Flavor Version Tinstall Tcheck Ttotal Status Flags
r-devel-linux-x86_64-debian-clang 2.2-4 3.79 41.43 45.22 OK
r-devel-linux-x86_64-debian-gcc 2.2-4 2.74 32.09 34.83 OK
r-devel-linux-x86_64-fedora-clang 2.2-4 58.78 NOTE
r-devel-linux-x86_64-fedora-gcc 2.2-4 54.93 NOTE
r-devel-windows-ix86+x86_64 2.2-4 22.00 104.00 126.00 OK
r-patched-linux-x86_64 2.2-4 2.85 40.87 43.72 OK
r-patched-solaris-x86 2.2-4 85.00 OK
r-release-linux-x86_64 2.2-4 3.06 40.94 44.00 OK
r-release-windows-ix86+x86_64 2.2-4 13.00 106.00 119.00 OK
r-release-osx-x86_64 2.2-4 OK
r-oldrel-windows-ix86+x86_64 2.2-4 27.00 112.00 139.00 OK
r-oldrel-osx-x86_64 2.2-4 OK

Additional issues

LTO

Check Details

Version: 2.2-4
Check: compiled code
Result: NOTE
    File ‘DEoptim/libs/DEoptim.so’:
     Found no calls to: ‘R_registerRoutines’, ‘R_useDynamicSymbols’
    
    It is good practice to register native routines and to disable symbol
    search.
    
    See ‘Writing portable packages’ in the ‘Writing R Extensions’ manual.
Flavors: r-devel-linux-x86_64-fedora-clang, r-devel-linux-x86_64-fedora-gcc