Last updated on 2023-12-09 21:54:13 CET.
Flavor | Version | Tinstall | Tcheck | Ttotal | Status | Flags |
---|---|---|---|---|---|---|
r-devel-linux-x86_64-debian-clang | 1.1-3 | 2.62 | 44.61 | 47.23 | OK | |
r-devel-linux-x86_64-debian-gcc | 1.1-3 | 1.76 | 33.71 | 35.47 | OK | |
r-devel-linux-x86_64-fedora-clang | 1.1-3 | 63.06 | NOTE | |||
r-devel-linux-x86_64-fedora-gcc | 1.1-3 | 61.75 | OK | |||
r-devel-windows-x86_64 | 1.1-3 | 5.00 | 52.00 | 57.00 | OK | |
r-patched-linux-x86_64 | 1.1-3 | 3.19 | 44.80 | 47.99 | OK | |
r-release-linux-x86_64 | 1.1-3 | 2.39 | 44.91 | 47.30 | OK | |
r-release-macos-arm64 | 1.1-3 | 120.00 | OK | |||
r-release-macos-x86_64 | 1.1-3 | 153.00 | OK | |||
r-release-windows-x86_64 | 1.1-3 | 6.00 | 60.00 | 66.00 | OK | |
r-oldrel-macos-arm64 | 1.1-3 | 35.00 | OK | |||
r-oldrel-macos-x86_64 | 1.1-3 | 33.00 | OK | |||
r-oldrel-windows-x86_64 | 1.1-3 | 7.00 | 79.00 | 86.00 | OK |
Version: 1.1-3
Check: Rd cross-references
Result: NOTE
Undeclared package ‘DEoptim’ in Rd xrefs
Flavor: r-devel-linux-x86_64-fedora-clang