Last updated on 2023-03-24 22:55:07 CET.
Flavor | Version | Tinstall | Tcheck | Ttotal | Status | Flags |
---|---|---|---|---|---|---|
r-devel-linux-x86_64-debian-clang | 1.0.6 | 7.22 | 72.46 | 79.68 | NOTE | |
r-devel-linux-x86_64-debian-gcc | 1.0.6 | 5.73 | 115.23 | 120.96 | OK | |
r-devel-linux-x86_64-fedora-clang | 1.0.6 | 208.62 | OK | |||
r-devel-linux-x86_64-fedora-gcc | 1.0.6 | 211.92 | OK | |||
r-devel-windows-x86_64 | 1.0.6 | 27.00 | 202.00 | 229.00 | OK | |
r-patched-linux-x86_64 | 1.0.6 | 5.23 | 151.68 | 156.91 | OK | |
r-release-linux-x86_64 | 1.0.6 | 6.73 | 151.76 | 158.49 | OK | |
r-release-macos-arm64 | 1.0.6 | 74.00 | OK | |||
r-release-macos-x86_64 | 1.0.6 | 86.00 | OK | |||
r-release-windows-x86_64 | 1.0.6 | 36.00 | 198.00 | 234.00 | OK | |
r-oldrel-macos-arm64 | 1.0.6 | 38.00 | NOTE | |||
r-oldrel-macos-x86_64 | 1.0.6 | 79.00 | OK | |||
r-oldrel-windows-ix86+x86_64 | 1.0.6 | 14.00 | 203.00 | 217.00 | OK |
Version: 1.0.6
Check: package dependencies
Result: NOTE
Package suggested but not available for checking: ‘biomaRt’
Flavor: r-devel-linux-x86_64-debian-clang
Version: 1.0.6
Check: package dependencies
Result: NOTE
Package suggested but not available for checking: ‘IHW’
Flavor: r-oldrel-macos-arm64