CRAN Package Check Results for Package DGEobj.utils

Last updated on 2021-11-26 23:03:22 CET.

Flavor Version Tinstall Tcheck Ttotal Status Flags
r-devel-linux-x86_64-debian-clang 1.0.4 29.59 277.33 306.92 OK
r-devel-linux-x86_64-debian-gcc 1.0.4 22.56 212.02 234.58 OK
r-devel-linux-x86_64-fedora-clang 1.0.4 418.44 OK
r-devel-linux-x86_64-fedora-gcc 1.0.4 395.02 OK
r-devel-windows-x86_64-new-UL 1.0.4 48.00 328.00 376.00 OK
r-devel-windows-x86_64-new-TK 1.0.4 OK
r-devel-windows-x86_64-old 1.0.4 32.00 277.00 309.00 OK
r-patched-linux-x86_64 1.0.4 28.11 264.38 292.49 OK
r-release-linux-x86_64 1.0.4 OK
r-release-macos-arm64 1.0.4 NOTE
r-release-macos-x86_64 1.0.4 NOTE
r-release-windows-ix86+x86_64 1.0.4 67.00 317.00 384.00 OK
r-oldrel-macos-x86_64 1.0.4 NOTE
r-oldrel-windows-ix86+x86_64 1.0.4 66.00 296.00 362.00 OK

Check Details

Version: 1.0.4
Check: package dependencies
Result: NOTE
    Package suggested but not available for checking: ‘IHW’
Flavor: r-release-macos-arm64

Version: 1.0.4
Check: package dependencies
Result: NOTE
    Packages suggested but not available for checking:
     'IHW', 'RNASeqPower', 'zFPKM'
Flavors: r-release-macos-x86_64, r-oldrel-macos-x86_64