CRAN Package Check Results for Package DHARMa

Last updated on 2022-11-30 21:53:47 CET.

Flavor Version Tinstall Tcheck Ttotal Status Flags
r-devel-linux-x86_64-debian-clang 0.4.6 11.69 301.79 313.48 NOTE
r-devel-linux-x86_64-debian-gcc 0.4.6 11.06 219.88 230.94 NOTE
r-devel-linux-x86_64-fedora-clang 0.4.6 402.25 NOTE
r-devel-linux-x86_64-fedora-gcc 0.4.6 436.53 NOTE
r-devel-windows-x86_64 0.4.6 45.00 378.00 423.00 NOTE
r-patched-linux-x86_64 0.4.6 15.43 289.35 304.78 NOTE
r-release-linux-x86_64 0.4.6 13.30 281.55 294.85 NOTE
r-release-macos-arm64 0.4.6 110.00 NOTE
r-release-macos-x86_64 0.4.6 151.00 NOTE
r-release-windows-x86_64 0.4.6 50.00 348.00 398.00 NOTE
r-oldrel-macos-arm64 0.4.6 108.00 NOTE
r-oldrel-macos-x86_64 0.4.6 151.00 NOTE
r-oldrel-windows-ix86+x86_64 0.4.6 29.00 347.00 376.00 NOTE

Check Details

Version: 0.4.6
Check: package dependencies
Result: NOTE
    Package which this enhances but not available for checking: 'BayesianTools'
Flavors: r-devel-linux-x86_64-debian-clang, r-devel-linux-x86_64-debian-gcc, r-devel-linux-x86_64-fedora-clang, r-devel-linux-x86_64-fedora-gcc, r-patched-linux-x86_64, r-release-linux-x86_64

Version: 0.4.6
Check: installed package size
Result: NOTE
     installed size is 5.5Mb
     sub-directories of 1Mb or more:
     doc 5.1Mb
Flavors: r-devel-linux-x86_64-fedora-clang, r-devel-windows-x86_64, r-release-macos-arm64, r-release-macos-x86_64, r-release-windows-x86_64, r-oldrel-macos-arm64, r-oldrel-macos-x86_64, r-oldrel-windows-ix86+x86_64