CRAN Package Check Results for Package DHARMa

Last updated on 2023-12-04 22:57:37 CET.

Flavor Version Tinstall Tcheck Ttotal Status Flags
r-devel-linux-x86_64-debian-clang 0.4.6 12.39 295.36 307.75 OK
r-devel-linux-x86_64-debian-gcc 0.4.6 9.71 218.37 228.08 OK
r-devel-linux-x86_64-fedora-clang 0.4.6 372.19 NOTE
r-devel-linux-x86_64-fedora-gcc 0.4.6 376.96 OK
r-devel-windows-x86_64 0.4.6 13.00 235.00 248.00 NOTE
r-patched-linux-x86_64 0.4.6 8.89 294.37 303.26 OK
r-release-linux-x86_64 0.4.6 8.53 294.41 302.94 OK
r-release-macos-arm64 0.4.6 126.00 NOTE
r-release-macos-x86_64 0.4.6 170.00 NOTE
r-release-windows-x86_64 0.4.6 16.00 304.00 320.00 NOTE
r-oldrel-macos-arm64 0.4.6 110.00 NOTE
r-oldrel-macos-x86_64 0.4.6 151.00 NOTE
r-oldrel-windows-x86_64 0.4.6 16.00 300.00 316.00 NOTE

Check Details

Version: 0.4.6
Check: installed package size
Result: NOTE installed size is 5.5Mb sub-directories of 1Mb or more: doc 5.1Mb Flavors: r-devel-linux-x86_64-fedora-clang, r-devel-windows-x86_64, r-release-macos-arm64, r-release-macos-x86_64, r-release-windows-x86_64, r-oldrel-macos-arm64, r-oldrel-macos-x86_64, r-oldrel-windows-x86_64

Version: 0.4.6
Check: package dependencies
Result: NOTE Packages suggested but not available for checking: 'spaMM', 'glmmTMB' Packages which this enhances but not available for checking: 'rstan', 'BayesianTools' Flavor: r-release-macos-x86_64