CRAN Package Check Results for Package DHS.rates

Last updated on 2021-05-18 22:50:59 CEST.

Flavor Version Tinstall Tcheck Ttotal Status Flags
r-devel-linux-x86_64-debian-clang 0.8.0 10.02 91.23 101.25 OK
r-devel-linux-x86_64-debian-gcc 0.8.0 6.75 67.64 74.39 OK
r-devel-linux-x86_64-fedora-clang 0.8.0 126.66 NOTE
r-devel-linux-x86_64-fedora-gcc 0.8.0 112.04 NOTE
r-devel-windows-ix86+x86_64 0.8.0 13.00 76.00 89.00 OK
r-devel-windows-x86_64-gcc10-UCRT 0.8.0 NOTE
r-patched-linux-x86_64 0.8.0 8.57 85.16 93.73 OK
r-patched-solaris-x86 0.8.0 157.80 NOTE
r-release-linux-x86_64 0.8.0 6.91 84.07 90.98 OK
r-release-macos-x86_64 0.8.0 NOTE
r-release-windows-ix86+x86_64 0.8.0 12.00 77.00 89.00 OK
r-oldrel-macos-x86_64 0.8.0 NOTE
r-oldrel-windows-ix86+x86_64 0.8.0 11.00 94.00 105.00 OK

Check Details

Version: 0.8.0
Check: dependencies in R code
Result: NOTE
    Namespace in Imports field not imported from: ‘rlang’
     All declared Imports should be used.
Flavors: r-devel-linux-x86_64-fedora-clang, r-devel-linux-x86_64-fedora-gcc, r-devel-windows-x86_64-gcc10-UCRT, r-patched-solaris-x86, r-release-macos-x86_64, r-oldrel-macos-x86_64