CRAN Package Check Results for Package DIFlasso

Last updated on 2025-06-23 22:50:38 CEST.

Flavor Version Tinstall Tcheck Ttotal Status Flags
r-devel-linux-x86_64-debian-clang 1.0-4 7.93 58.47 66.40 NOTE
r-devel-linux-x86_64-debian-gcc 1.0-4 5.37 44.42 49.79 NOTE
r-devel-linux-x86_64-fedora-clang 1.0-4 100.52 OK
r-devel-linux-x86_64-fedora-gcc 1.0-4 95.42 OK
r-devel-windows-x86_64 1.0-4 7.00 70.00 77.00 OK
r-patched-linux-x86_64 1.0-4 7.34 56.21 63.55 OK
r-release-linux-x86_64 1.0-4 6.83 55.85 62.68 OK
r-release-macos-arm64 1.0-4 31.00 OK
r-release-macos-x86_64 1.0-4 58.00 OK
r-release-windows-x86_64 1.0-4 8.00 71.00 79.00 OK
r-oldrel-macos-arm64 1.0-4 30.00 OK
r-oldrel-macos-x86_64 1.0-4 44.00 OK
r-oldrel-windows-x86_64 1.0-4 10.00 80.00 90.00 OK

Check Details

Version: 1.0-4
Check: CRAN incoming feasibility
Result: NOTE Maintainer: ‘Gunther Schauberger <gunther.schauberger@tum.de>’ No Authors@R field in DESCRIPTION. Please add one, modifying Authors@R: person(given = "Gunther", family = "Schauberger", role = c("aut", "cre"), email = "gunther.schauberger@tum.de") as necessary. Flavors: r-devel-linux-x86_64-debian-clang, r-devel-linux-x86_64-debian-gcc