Last updated on 2024-04-17 22:59:50 CEST.
Flavor | Version | Tinstall | Tcheck | Ttotal | Status | Flags |
---|---|---|---|---|---|---|
r-devel-linux-x86_64-debian-clang | 1.0.0 | 8.97 | 76.77 | 85.74 | OK | |
r-devel-linux-x86_64-debian-gcc | 1.0.0 | 6.30 | 56.74 | 63.04 | OK | |
r-devel-linux-x86_64-fedora-clang | 1.0.0 | 103.95 | NOTE | |||
r-devel-linux-x86_64-fedora-gcc | 1.0.0 | 98.36 | NOTE | |||
r-prerel-macos-arm64 | 1.0.0 | 27.00 | OK | |||
r-prerel-windows-x86_64 | 1.0.0 | 7.00 | 67.00 | 74.00 | OK | |
r-patched-linux-x86_64 | 1.0.0 | 7.28 | 71.85 | 79.13 | OK | |
r-release-linux-x86_64 | 1.0.0 | 9.32 | 72.05 | 81.37 | OK | |
r-release-macos-arm64 | 1.0.0 | 35.00 | OK | |||
r-release-macos-x86_64 | 1.0.0 | 56.00 | OK | |||
r-release-windows-x86_64 | 1.0.0 | 10.00 | 83.00 | 93.00 | OK | |
r-oldrel-macos-arm64 | 1.0.0 | 32.00 | NOTE | |||
r-oldrel-windows-x86_64 | 1.0.0 | 10.00 | 87.00 | 97.00 | OK |
Version: 1.0.0
Check: dependencies in R code
Result: NOTE
Namespace in Imports field not imported from: ‘MASS’
All declared Imports should be used.
Flavors: r-devel-linux-x86_64-fedora-clang, r-devel-linux-x86_64-fedora-gcc, r-oldrel-macos-arm64