CRAN Package Check Results for Package DMLLZU

Last updated on 2023-12-04 22:57:37 CET.

Flavor Version Tinstall Tcheck Ttotal Status Flags
r-devel-linux-x86_64-debian-clang 0.1.1 18.26 136.28 154.54 NOTE
r-devel-linux-x86_64-debian-gcc 0.1.1 13.29 100.86 114.15 NOTE
r-devel-linux-x86_64-fedora-clang 0.1.1 185.53 NOTE
r-devel-linux-x86_64-fedora-gcc 0.1.1 176.95 NOTE
r-devel-windows-x86_64 0.1.1 13.00 108.00 121.00 NOTE
r-patched-linux-x86_64 0.1.1 10.94 128.36 139.30 OK
r-release-linux-x86_64 0.1.1 10.69 129.13 139.82 OK
r-release-macos-arm64 0.1.1 55.00 OK
r-release-macos-x86_64 0.1.1 94.00 OK
r-release-windows-x86_64 0.1.1 19.00 132.00 151.00 OK
r-oldrel-macos-arm64 0.1.1 50.00 OK
r-oldrel-macos-x86_64 0.1.1 96.00 OK
r-oldrel-windows-x86_64 0.1.1 19.00 136.00 155.00 OK

Check Details

Version: 0.1.1
Check: Rd contents
Result: NOTE Argument items with no description in Rd file 'dml_bagging.Rd': ‘y,x,d,data,sed’ Argument items with no description in Rd file 'dml_boosting.Rd': ‘y,x,d,data,sed’ Argument items with no description in Rd file 'dml_ensemble_lm.Rd': ‘y,x,d,data,sed’ Argument items with no description in Rd file 'dml_ensemble_rf.Rd': ‘y,x,d,data,sed’ Argument items with no description in Rd file 'dml_neural_network.Rd': ‘y,x,d,data,sed’ Argument items with no description in Rd file 'dml_random_forest.Rd': ‘y,x,d,data,sed’ Flavors: r-devel-linux-x86_64-debian-clang, r-devel-linux-x86_64-debian-gcc, r-devel-linux-x86_64-fedora-clang, r-devel-linux-x86_64-fedora-gcc, r-devel-windows-x86_64