CRAN Package Check Results for Package DNLC

Last updated on 2019-08-22 22:46:53 CEST.

Flavor Version Tinstall Tcheck Ttotal Status Flags
r-devel-linux-x86_64-debian-clang 1.0.0 10.96 21.05 32.01 OK
r-devel-linux-x86_64-debian-gcc 1.0.0 8.14 16.87 25.01 OK
r-devel-linux-x86_64-fedora-clang 1.0.0 40.55 NOTE
r-devel-linux-x86_64-fedora-gcc 1.0.0 38.34 NOTE
r-devel-windows-ix86+x86_64 1.0.0 20.00 49.00 69.00 OK
r-patched-linux-x86_64 1.0.0 9.65 20.67 30.32 OK
r-patched-solaris-x86 1.0.0 58.80 NOTE
r-release-linux-x86_64 1.0.0 10.57 20.23 30.80 OK
r-release-windows-ix86+x86_64 1.0.0 20.00 45.00 65.00 OK
r-release-osx-x86_64 1.0.0 ERROR
r-oldrel-windows-ix86+x86_64 1.0.0 17.00 48.00 65.00 OK
r-oldrel-osx-x86_64 1.0.0 NOTE

Check Details

Version: 1.0.0
Check: dependencies in R code
Result: NOTE
    Namespaces in Imports field not imported from:
     ‘GOstats’ ‘caTools’ ‘fdrtool’
     All declared Imports should be used.
Flavors: r-devel-linux-x86_64-fedora-clang, r-devel-linux-x86_64-fedora-gcc, r-patched-solaris-x86, r-oldrel-osx-x86_64

Version: 1.0.0
Check: package dependencies
Result: ERROR
    Package required but not available: ‘GOstats’
    
    See section ‘The DESCRIPTION file’ in the ‘Writing R Extensions’
    manual.
Flavor: r-release-osx-x86_64