CRAN Package Check Results for Package DNLC

Last updated on 2019-12-09 22:51:08 CET.

Flavor Version Tinstall Tcheck Ttotal Status Flags
r-devel-linux-x86_64-debian-clang 1.0.0 10.64 21.55 32.19 OK
r-devel-linux-x86_64-debian-gcc 1.0.0 7.90 17.22 25.12 OK
r-devel-linux-x86_64-fedora-clang 1.0.0 43.56 NOTE
r-devel-linux-x86_64-fedora-gcc 1.0.0 40.52 NOTE
r-devel-windows-ix86+x86_64 1.0.0 15.00 35.00 50.00 OK
r-devel-windows-ix86+x86_64-gcc8 1.0.0 11.00 34.00 45.00 OK
r-patched-linux-x86_64 1.0.0 7.75 20.00 27.75 OK
r-patched-solaris-x86 1.0.0 56.40 NOTE
r-release-linux-x86_64 1.0.0 10.33 20.05 30.38 OK
r-release-windows-ix86+x86_64 1.0.0 12.00 32.00 44.00 OK
r-release-osx-x86_64 1.0.0 WARN
r-oldrel-windows-ix86+x86_64 1.0.0 12.00 33.00 45.00 OK
r-oldrel-osx-x86_64 1.0.0 NOTE

Check Details

Version: 1.0.0
Check: dependencies in R code
Result: NOTE
    Namespaces in Imports field not imported from:
     ‘GOstats’ ‘caTools’ ‘fdrtool’
     All declared Imports should be used.
Flavors: r-devel-linux-x86_64-fedora-clang, r-devel-linux-x86_64-fedora-gcc, r-patched-solaris-x86, r-release-osx-x86_64, r-oldrel-osx-x86_64

Version: 1.0.0
Check: whether package can be installed
Result: WARN
    Found the following significant warnings:
     Warning: package ‘AnnotationDbi’ was built under R version 3.6.1
     Warning: package ‘IRanges’ was built under R version 3.6.1
     Warning: package ‘S4Vectors’ was built under R version 3.6.1
Flavor: r-release-osx-x86_64