CRAN Package Check Results for Package DNMF

Last updated on 2019-07-18 22:53:08 CEST.

Flavor Version Tinstall Tcheck Ttotal Status Flags
r-devel-linux-x86_64-debian-clang 1.3 6.13 50.53 56.66 NOTE
r-devel-linux-x86_64-debian-gcc 1.3 5.42 41.14 46.56 NOTE
r-devel-linux-x86_64-fedora-clang 1.3 68.51 NOTE
r-devel-linux-x86_64-fedora-gcc 1.3 67.94 NOTE
r-devel-windows-ix86+x86_64 1.3 16.00 63.00 79.00 NOTE
r-patched-linux-x86_64 1.3 5.63 50.56 56.19 NOTE
r-patched-solaris-x86 1.3 116.20 NOTE
r-release-linux-x86_64 1.3 6.16 49.86 56.02 NOTE
r-release-windows-ix86+x86_64 1.3 13.00 93.00 106.00 NOTE
r-release-osx-x86_64 1.3 NOTE
r-oldrel-windows-ix86+x86_64 1.3 7.00 82.00 89.00 NOTE
r-oldrel-osx-x86_64 1.3 NOTE

Check Details

Version: 1.3
Check: R code for possible problems
Result: NOTE
    DNMF: no visible global function definition for 'runif'
    NMFpval: no visible global function definition for 'p.adjust'
    ndNMF: no visible global function definition for 'runif'
    rnk: no visible global function definition for 'write.table'
    Undefined global functions or variables:
     p.adjust runif write.table
    Consider adding
     importFrom("stats", "p.adjust", "runif")
     importFrom("utils", "write.table")
    to your NAMESPACE file.
Flavors: r-devel-linux-x86_64-debian-clang, r-devel-linux-x86_64-debian-gcc, r-devel-linux-x86_64-fedora-clang, r-devel-linux-x86_64-fedora-gcc, r-devel-windows-ix86+x86_64, r-patched-linux-x86_64, r-patched-solaris-x86, r-release-linux-x86_64, r-release-windows-ix86+x86_64, r-release-osx-x86_64, r-oldrel-windows-ix86+x86_64, r-oldrel-osx-x86_64