CRAN Package Check Results for Package DOPE

Last updated on 2021-10-17 22:48:32 CEST.

Flavor Version Tinstall Tcheck Ttotal Status Flags
r-devel-linux-x86_64-debian-clang 2.1.0 10.91 98.44 109.35 OK
r-devel-linux-x86_64-debian-gcc 2.1.0 7.85 76.08 83.93 OK
r-devel-linux-x86_64-fedora-clang 2.1.0 143.70 NOTE
r-devel-linux-x86_64-fedora-gcc 2.1.0 126.07 NOTE
r-devel-windows-x86_64 2.1.0 17.00 135.00 152.00 OK
r-devel-windows-x86_64-gcc10-UCRT 2.1.0 NOTE
r-patched-linux-x86_64 2.1.0 9.56 101.82 111.38 OK
r-patched-solaris-x86 2.1.0 176.90 NOTE
r-release-linux-x86_64 2.1.0 10.76 101.15 111.91 OK
r-release-macos-arm64 2.1.0 NOTE
r-release-macos-x86_64 2.1.0 NOTE
r-release-windows-ix86+x86_64 2.1.0 22.00 130.00 152.00 OK
r-oldrel-macos-x86_64 2.1.0 NOTE
r-oldrel-windows-ix86+x86_64 2.1.0 29.00 150.00 179.00 OK

Check Details

Version: 2.1.0
Check: data for non-ASCII characters
Result: NOTE
     Note: found 100 marked UTF-8 strings
Flavors: r-devel-linux-x86_64-fedora-clang, r-devel-linux-x86_64-fedora-gcc, r-devel-windows-x86_64-gcc10-UCRT, r-patched-solaris-x86, r-release-macos-arm64, r-release-macos-x86_64, r-oldrel-macos-x86_64