CRAN Package Check Results for Package DOPE

Last updated on 2021-07-23 22:53:05 CEST.

Flavor Version Tinstall Tcheck Ttotal Status Flags
r-devel-linux-x86_64-debian-clang 2.1.0 10.03 109.19 119.22 OK
r-devel-linux-x86_64-debian-gcc 2.1.0 7.85 82.15 90.00 OK
r-devel-linux-x86_64-fedora-clang 2.1.0 147.58 NOTE
r-devel-linux-x86_64-fedora-gcc 2.1.0 142.13 NOTE
r-devel-windows-x86_64 2.1.0 11.00 98.00 109.00 OK
r-devel-windows-x86_64-gcc10-UCRT 2.1.0 NOTE
r-patched-linux-x86_64 2.1.0 7.91 102.44 110.35 OK
r-patched-solaris-x86 2.1.0 198.70 NOTE
r-release-linux-x86_64 2.1.0 9.25 102.83 112.08 OK
r-release-macos-arm64 2.1.0 NOTE
r-release-macos-x86_64 2.1.0 NOTE
r-release-windows-ix86+x86_64 2.1.0 23.00 95.00 118.00 OK
r-oldrel-macos-x86_64 2.1.0 NOTE
r-oldrel-windows-ix86+x86_64 2.1.0 25.00 125.00 150.00 OK

Check Details

Version: 2.1.0
Check: data for non-ASCII characters
Result: NOTE
     Note: found 100 marked UTF-8 strings
Flavors: r-devel-linux-x86_64-fedora-clang, r-devel-linux-x86_64-fedora-gcc, r-devel-windows-x86_64-gcc10-UCRT, r-patched-solaris-x86, r-release-macos-arm64, r-release-macos-x86_64, r-oldrel-macos-x86_64