CRAN Package Check Results for Package DPP

Last updated on 2021-08-03 22:53:19 CEST.

Flavor Version Tinstall Tcheck Ttotal Status Flags
r-devel-linux-x86_64-debian-clang 0.1.2 55.80 56.44 112.24 OK
r-devel-linux-x86_64-debian-gcc 0.1.2 36.84 41.99 78.83 OK
r-devel-linux-x86_64-fedora-clang 0.1.2 159.40 NOTE
r-devel-linux-x86_64-fedora-gcc 0.1.2 140.84 OK
r-devel-windows-x86_64 0.1.2 50.00 79.00 129.00 OK
r-devel-windows-x86_64-gcc10-UCRT 0.1.2 OK
r-patched-linux-x86_64 0.1.2 46.09 53.17 99.26 OK
r-patched-solaris-x86 0.1.2 152.70 OK
r-release-linux-x86_64 0.1.2 45.51 54.49 100.00 OK
r-release-macos-arm64 0.1.2 NOTE
r-release-macos-x86_64 0.1.2 NOTE
r-release-windows-ix86+x86_64 0.1.2 120.00 80.00 200.00 OK
r-oldrel-macos-x86_64 0.1.2 NOTE
r-oldrel-windows-ix86+x86_64 0.1.2 96.00 115.00 211.00 OK

Check Details

Version: 0.1.2
Check: installed package size
Result: NOTE
     installed size is 5.5Mb
     sub-directories of 1Mb or more:
     libs 4.9Mb
Flavors: r-devel-linux-x86_64-fedora-clang, r-release-macos-arm64, r-release-macos-x86_64, r-oldrel-macos-x86_64