CRAN Package Check Results for Package DQAgui

Last updated on 2024-02-29 22:58:42 CET.

Flavor Version Tinstall Tcheck Ttotal Status Flags
r-devel-linux-x86_64-debian-clang 0.2.3 8.47 55.42 63.89 NOTE
r-devel-linux-x86_64-debian-gcc 0.2.3 6.11 42.30 48.41 NOTE
r-devel-linux-x86_64-fedora-clang 0.2.3 76.76 NOTE
r-devel-linux-x86_64-fedora-gcc 0.2.3 77.73 NOTE
r-devel-windows-x86_64 0.2.3 8.00 64.00 72.00 OK
r-patched-linux-x86_64 0.2.3 4.93 54.50 59.43 OK
r-release-linux-x86_64 0.2.3 5.25 54.09 59.34 OK
r-release-macos-arm64 0.2.3 28.00 OK
r-release-macos-x86_64 0.2.3 46.00 OK
r-release-windows-x86_64 0.2.3 11.00 73.00 84.00 OK
r-oldrel-macos-arm64 0.2.3 32.00 OK
r-oldrel-windows-x86_64 0.2.3 10.00 74.00 84.00 OK

Check Details

Version: 0.2.3
Check: Rd files
Result: NOTE checkRd: (-1) module_atemp_pl_server.Rd:19: Lost braces; missing escapes or markup? 19 | expression: input_re = reactive({input})} | ^ checkRd: (-1) module_completeness_server.Rd:19: Lost braces; missing escapes or markup? 19 | expression: input_re = reactive({input})} | ^ checkRd: (-1) module_config_server.Rd:19: Lost braces; missing escapes or markup? 19 | expression: input_re = reactive({input})} | ^ checkRd: (-1) module_dashboard_server.Rd:19: Lost braces; missing escapes or markup? 19 | expression: input_re = reactive({input})} | ^ checkRd: (-1) module_descriptive_server.Rd:19: Lost braces; missing escapes or markup? 19 | expression: input_re = reactive({input})} | ^ checkRd: (-1) module_log_server.Rd:19: Lost braces; missing escapes or markup? 19 | expression: input_re = reactive({input})} | ^ checkRd: (-1) module_mdr_server.Rd:19: Lost braces; missing escapes or markup? 19 | expression: input_re = reactive({input})} | ^ checkRd: (-1) module_report_server.Rd:19: Lost braces; missing escapes or markup? 19 | expression: input_re = reactive({input})} | ^ checkRd: (-1) module_uniq_plaus_server.Rd:19: Lost braces; missing escapes or markup? 19 | expression: input_re = reactive({input})} | ^ Flavors: r-devel-linux-x86_64-debian-clang, r-devel-linux-x86_64-debian-gcc, r-devel-linux-x86_64-fedora-clang, r-devel-linux-x86_64-fedora-gcc